Last updated on 2025-05-01 15:49:37 CEST.
Flavor | Version | Tinstall | Tcheck | Ttotal | Status | Flags |
---|---|---|---|---|---|---|
r-devel-linux-x86_64-debian-clang | 0.7.0 | 7.69 | 67.03 | 74.72 | NOTE | |
r-devel-linux-x86_64-debian-gcc | 0.7.0 | 5.42 | 49.01 | 54.43 | NOTE | |
r-devel-linux-x86_64-fedora-clang | 0.7.0 | 125.10 | NOTE | |||
r-devel-linux-x86_64-fedora-gcc | 0.7.0 | 112.28 | NOTE | |||
r-devel-windows-x86_64 | 0.7.0 | 9.00 | 84.00 | 93.00 | NOTE | |
r-patched-linux-x86_64 | 0.7.0 | 7.70 | 65.09 | 72.79 | NOTE | |
r-release-linux-x86_64 | NOTE | |||||
r-release-macos-arm64 | 0.7.0 | 37.00 | NOTE | |||
r-release-macos-x86_64 | 0.7.0 | 75.00 | NOTE | |||
r-release-windows-x86_64 | 0.7.0 | 10.00 | 89.00 | 99.00 | NOTE | |
r-oldrel-macos-arm64 | 0.7.0 | 34.00 | NOTE | |||
r-oldrel-macos-x86_64 | 0.7.0 | 92.00 | NOTE | |||
r-oldrel-windows-x86_64 | 0.7.0 | 11.00 | 96.00 | 107.00 | NOTE |
Version: 0.7.0
Check: CRAN incoming feasibility
Result: NOTE
Maintainer: ‘Benjamin Blonder <benjamin.blonder@berkeley.edu>’
No Authors@R field in DESCRIPTION.
Please add one, modifying
Authors@R: c(person(given = "Benjamin",
family = "Blonder",
role = c("aut", "cre"),
email = "benjamin.blonder@berkeley.edu"),
person(given = "Naia",
family = "Morueta-Holme",
role = "aut"))
as necessary.
Flavors: r-devel-linux-x86_64-debian-clang, r-devel-linux-x86_64-debian-gcc
Version: 0.7.0
Check: Rd files
Result: NOTE
checkRd: (-1) partial_correlation.Rd:26: Lost braces in \itemize; meant \describe ?
checkRd: (-1) partial_correlation.Rd:27: Lost braces in \itemize; meant \describe ?
checkRd: (-1) partial_correlation.Rd:28: Lost braces in \itemize; meant \describe ?
checkRd: (-1) partial_correlation.Rd:29: Lost braces in \itemize; meant \describe ?
Flavors: r-devel-linux-x86_64-debian-clang, r-devel-linux-x86_64-debian-gcc, r-devel-linux-x86_64-fedora-clang, r-devel-linux-x86_64-fedora-gcc, r-devel-windows-x86_64, r-patched-linux-x86_64, r-release-linux-x86_64, r-release-macos-arm64, r-release-macos-x86_64, r-release-windows-x86_64, r-oldrel-macos-arm64, r-oldrel-macos-x86_64, r-oldrel-windows-x86_64
Version: 0.7.0
Check: Rd cross-references
Result: NOTE
Found the following Rd file(s) with Rd \link{} targets missing package
anchors:
plot_netassoc_network.Rd: plot.igraph
Please provide package anchors for all Rd \link{} targets not in the
package itself and the base packages.
Flavors: r-devel-linux-x86_64-debian-clang, r-devel-linux-x86_64-debian-gcc, r-devel-windows-x86_64, r-patched-linux-x86_64, r-release-linux-x86_64, r-release-windows-x86_64
These binaries (installable software) and packages are in development.
They may not be fully stable and should be used with caution. We make no claims about them.