Last updated on 2025-07-26 07:50:28 CEST.
Flavor | Version | Tinstall | Tcheck | Ttotal | Status | Flags |
---|---|---|---|---|---|---|
r-devel-linux-x86_64-debian-clang | 0.7.1 | 7.78 | 67.48 | 75.26 | OK | |
r-devel-linux-x86_64-debian-gcc | 0.7.1 | 5.91 | 49.69 | 55.60 | OK | |
r-devel-linux-x86_64-fedora-clang | 0.7.1 | 124.75 | OK | |||
r-devel-linux-x86_64-fedora-gcc | 0.7.1 | 116.16 | OK | |||
r-devel-windows-x86_64 | 0.7.1 | 8.00 | 82.00 | 90.00 | OK | |
r-patched-linux-x86_64 | 0.7.1 | 8.41 | 64.05 | 72.46 | OK | |
r-release-linux-x86_64 | 0.7.0 | 7.96 | 64.76 | 72.72 | NOTE | |
r-release-macos-arm64 | 0.7.0 | 37.00 | NOTE | |||
r-release-macos-x86_64 | 0.7.1 | 63.00 | OK | |||
r-release-windows-x86_64 | 0.7.1 | 10.00 | 88.00 | 98.00 | OK | |
r-oldrel-macos-arm64 | 0.7.0 | 34.00 | NOTE | |||
r-oldrel-macos-x86_64 | 0.7.1 | 74.00 | OK | |||
r-oldrel-windows-x86_64 | 0.7.1 | 11.00 | 96.00 | 107.00 | OK |
Version: 0.7.0
Check: Rd files
Result: NOTE
checkRd: (-1) partial_correlation.Rd:26: Lost braces in \itemize; meant \describe ?
checkRd: (-1) partial_correlation.Rd:27: Lost braces in \itemize; meant \describe ?
checkRd: (-1) partial_correlation.Rd:28: Lost braces in \itemize; meant \describe ?
checkRd: (-1) partial_correlation.Rd:29: Lost braces in \itemize; meant \describe ?
Flavors: r-release-linux-x86_64, r-release-macos-arm64, r-oldrel-macos-arm64
Version: 0.7.0
Check: Rd cross-references
Result: NOTE
Found the following Rd file(s) with Rd \link{} targets missing package
anchors:
plot_netassoc_network.Rd: plot.igraph
Please provide package anchors for all Rd \link{} targets not in the
package itself and the base packages.
Flavor: r-release-linux-x86_64
These binaries (installable software) and packages are in development.
They may not be fully stable and should be used with caution. We make no claims about them.