CRAN Package Check Results for Package netgsa

Last updated on 2025-05-01 08:52:39 CEST.

Flavor Version Tinstall Tcheck Ttotal Status Flags
r-devel-linux-x86_64-debian-clang 4.0.5 60.30 230.09 290.39 NOTE
r-devel-linux-x86_64-debian-gcc 4.0.5 42.75 165.75 208.50 NOTE
r-devel-linux-x86_64-fedora-clang 4.0.5 487.92 OK
r-devel-linux-x86_64-fedora-gcc 4.0.5 471.79 OK
r-devel-windows-x86_64 4.0.5 62.00 243.00 305.00 NOTE
r-patched-linux-x86_64 4.0.5 57.46 223.79 281.25 NOTE
r-release-linux-x86_64 NOTE
r-release-macos-arm64 4.0.5 4.00 ERROR
r-release-macos-x86_64 4.0.5 324.00 OK
r-release-windows-x86_64 4.0.5 63.00 254.00 317.00 NOTE
r-oldrel-macos-arm64 4.0.5 125.00 NOTE
r-oldrel-macos-x86_64 4.0.5 192.00 NOTE
r-oldrel-windows-x86_64 4.0.5 72.00 291.00 363.00 OK

Additional issues

gcc-UBSAN

Check Details

Version: 4.0.5
Check: Rd cross-references
Result: NOTE Found the following Rd file(s) with Rd \link{} targets missing package anchors: netEst.dir.Rd: glmnet netEst.undir.Rd: glmnet netgsa-package.Rd: glmnet Please provide package anchors for all Rd \link{} targets not in the package itself and the base packages. Flavors: r-devel-linux-x86_64-debian-clang, r-devel-linux-x86_64-debian-gcc, r-devel-windows-x86_64, r-patched-linux-x86_64, r-release-linux-x86_64, r-release-windows-x86_64

Version: 4.0.5
Check: package dependencies
Result: ERROR Package required but not available: ‘org.Hs.eg.db’ See section ‘The DESCRIPTION file’ in the ‘Writing R Extensions’ manual. Flavor: r-release-macos-arm64

Version: 4.0.5
Check: installed package size
Result: NOTE installed size is 21.2Mb sub-directories of 1Mb or more: doc 2.8Mb libs 17.5Mb Flavors: r-oldrel-macos-arm64, r-oldrel-macos-x86_64

These binaries (installable software) and packages are in development.
They may not be fully stable and should be used with caution. We make no claims about them.