Last updated on 2025-05-01 15:49:37 CEST.
Flavor | Version | Tinstall | Tcheck | Ttotal | Status | Flags |
---|---|---|---|---|---|---|
r-devel-linux-x86_64-debian-clang | 0.0.3 | 1.53 | 50.36 | 51.89 | NOTE | |
r-devel-linux-x86_64-debian-gcc | 0.0.3 | 1.60 | 38.11 | 39.71 | OK | |
r-devel-linux-x86_64-fedora-clang | 0.0.3 | 81.44 | OK | |||
r-devel-linux-x86_64-fedora-gcc | 0.0.3 | 88.87 | OK | |||
r-devel-windows-x86_64 | 0.0.3 | 5.00 | 75.00 | 80.00 | OK | |
r-patched-linux-x86_64 | 0.0.3 | 2.10 | 47.74 | 49.84 | OK | |
r-release-linux-x86_64 | OK | |||||
r-release-macos-arm64 | 0.0.3 | 33.00 | OK | |||
r-release-macos-x86_64 | 0.0.3 | 65.00 | OK | |||
r-release-windows-x86_64 | 0.0.3 | 5.00 | 82.00 | 87.00 | OK | |
r-oldrel-macos-arm64 | 0.0.3 | 34.00 | OK | |||
r-oldrel-macos-x86_64 | 0.0.3 | 87.00 | OK | |||
r-oldrel-windows-x86_64 | 0.0.3 | 5.00 | 75.00 | 80.00 | OK |
Version: 0.0.3
Check: examples
Result: NOTE
Examples with CPU (user + system) or elapsed time > 5s
user system elapsed
lsq_plot 4.246 0.281 5.887
Flavor: r-devel-linux-x86_64-debian-clang
These binaries (installable software) and packages are in development.
They may not be fully stable and should be used with caution. We make no claims about them.