Last updated on 2025-11-11 15:50:40 CET.
| Flavor | Version | Tinstall | Tcheck | Ttotal | Status | Flags |
|---|---|---|---|---|---|---|
| r-devel-linux-x86_64-debian-clang | 4.1.1 | 303.08 | 246.29 | 549.37 | OK | |
| r-devel-linux-x86_64-debian-gcc | 4.1.1 | 214.18 | 159.41 | 373.59 | OK | |
| r-devel-linux-x86_64-fedora-clang | 4.1.1 | 413.00 | 552.27 | 965.27 | OK | |
| r-devel-linux-x86_64-fedora-gcc | 4.1.1 | 451.00 | 503.25 | 954.25 | OK | |
| r-devel-windows-x86_64 | 4.1.1 | 358.00 | 293.00 | 651.00 | OK | |
| r-patched-linux-x86_64 | 4.1.1 | 316.80 | 231.72 | 548.52 | OK | |
| r-release-linux-x86_64 | 4.1.1 | 309.86 | 229.02 | 538.88 | OK | |
| r-release-macos-arm64 | 4.1.1 | 117.00 | 97.00 | 214.00 | OK | |
| r-release-macos-x86_64 | 4.1.1 | 115.00 | 220.00 | 335.00 | OK | |
| r-release-windows-x86_64 | 4.1.1 | 357.00 | 307.00 | 664.00 | OK | |
| r-oldrel-macos-arm64 | 4.1.1 | 106.00 | 100.00 | 206.00 | NOTE | |
| r-oldrel-macos-x86_64 | 4.1.1 | 117.00 | 205.00 | 322.00 | NOTE | |
| r-oldrel-windows-x86_64 | 4.1.1 | 428.00 | 362.00 | 790.00 | OK |
Version: 4.1.1
Check: installed package size
Result: NOTE
installed size is 22.8Mb
sub-directories of 1Mb or more:
R 2.1Mb
libs 19.6Mb
Flavors: r-oldrel-macos-arm64, r-oldrel-macos-x86_64
These binaries (installable software) and packages are in development.
They may not be fully stable and should be used with caution. We make no claims about them.