Last updated on 2025-05-21 21:49:24 CEST.
Flavor | Version | Tinstall | Tcheck | Ttotal | Status | Flags |
---|---|---|---|---|---|---|
r-devel-linux-x86_64-debian-clang | 0.1.2.3 | 84.09 | 68.11 | 152.20 | NOTE | |
r-devel-linux-x86_64-debian-gcc | 0.1.2.3 | 57.10 | 45.40 | 102.50 | NOTE | |
r-devel-linux-x86_64-fedora-clang | 0.1.2.3 | 302.83 | OK | |||
r-devel-linux-x86_64-fedora-gcc | 0.1.2.3 | 289.21 | OK | |||
r-devel-windows-x86_64 | 0.1.2.3 | 109.00 | 102.00 | 211.00 | OK | |
r-patched-linux-x86_64 | 0.1.2.3 | 80.22 | 64.57 | 144.79 | OK | |
r-release-linux-x86_64 | 0.1.2.3 | 80.30 | 63.90 | 144.20 | OK | |
r-release-macos-arm64 | 0.1.2.3 | 82.00 | OK | |||
r-release-macos-x86_64 | 0.1.2.3 | 115.00 | OK | |||
r-release-windows-x86_64 | 0.1.2.3 | 110.00 | 127.00 | 237.00 | OK | |
r-oldrel-macos-arm64 | 0.1.2.3 | 73.00 | OK | |||
r-oldrel-macos-x86_64 | 0.1.2.3 | 100.00 | OK | |||
r-oldrel-windows-x86_64 | 0.1.2.3 | 123.00 | 125.00 | 248.00 | OK |
Version: 0.1.2.3
Check: CRAN incoming feasibility
Result: NOTE
Maintainer: ‘Valentin Kilian <valentin.kilian@ens-rennes.fr>’
The Description field contains
<arXiv:2402.19021>.
Please refer to arXiv e-prints via their arXiv DOI <doi:10.48550/arXiv.YYMM.NNNNN>.
Flavors: r-devel-linux-x86_64-debian-clang, r-devel-linux-x86_64-debian-gcc
These binaries (installable software) and packages are in development.
They may not be fully stable and should be used with caution. We make no claims about them.