Last updated on 2025-07-05 11:49:23 CEST.
Flavor | Version | Tinstall | Tcheck | Ttotal | Status | Flags |
---|---|---|---|---|---|---|
r-devel-linux-x86_64-debian-clang | 0.1.2.3 | 91.78 | 66.22 | 158.00 | NOTE | |
r-devel-linux-x86_64-debian-gcc | 0.1.2.3 | 56.92 | 46.86 | 103.78 | NOTE | |
r-devel-linux-x86_64-fedora-clang | 0.1.2.3 | 301.79 | OK | |||
r-devel-linux-x86_64-fedora-gcc | 0.1.2.3 | 266.31 | OK | |||
r-devel-windows-x86_64 | 0.1.2.3 | 104.00 | 96.00 | 200.00 | OK | |
r-patched-linux-x86_64 | 0.1.2.3 | 82.19 | 62.57 | 144.76 | OK | |
r-release-linux-x86_64 | 0.1.2.3 | 83.08 | 64.11 | 147.19 | OK | |
r-release-macos-arm64 | 0.1.2.3 | 82.00 | OK | |||
r-release-macos-x86_64 | 0.1.2.3 | 115.00 | OK | |||
r-release-windows-x86_64 | 0.1.2.3 | 105.00 | 101.00 | 206.00 | OK | |
r-oldrel-macos-arm64 | 0.1.2.3 | 73.00 | OK | |||
r-oldrel-macos-x86_64 | 0.1.2.3 | 100.00 | OK | |||
r-oldrel-windows-x86_64 | 0.1.2.3 | 124.00 | 122.00 | 246.00 | OK |
Version: 0.1.2.3
Check: CRAN incoming feasibility
Result: NOTE
Maintainer: ‘Valentin Kilian <valentin.kilian@ens-rennes.fr>’
The Description field contains
<arXiv:2402.19021>.
Please refer to arXiv e-prints via their arXiv DOI <doi:10.48550/arXiv.YYMM.NNNNN>.
Flavors: r-devel-linux-x86_64-debian-clang, r-devel-linux-x86_64-debian-gcc
These binaries (installable software) and packages are in development.
They may not be fully stable and should be used with caution. We make no claims about them.