CRAN Package Check Results for Package nucim

Last updated on 2025-02-16 08:50:55 CET.

Flavor Version Tinstall Tcheck Ttotal Status Flags
r-devel-linux-x86_64-debian-clang 1.0.11 9.73 79.36 89.09 NOTE
r-devel-linux-x86_64-debian-gcc 1.0.11 6.74 56.33 63.07 NOTE
r-devel-linux-x86_64-fedora-clang 1.0.11 147.00 NOTE
r-devel-linux-x86_64-fedora-gcc 1.0.11 148.67 NOTE
r-devel-macos-arm64 1.0.11 44.00 NOTE
r-devel-macos-x86_64 1.0.11 97.00 NOTE
r-devel-windows-x86_64 1.0.11 10.00 94.00 104.00 NOTE
r-patched-linux-x86_64 1.0.11 7.96 74.01 81.97 NOTE
r-release-linux-x86_64 1.0.11 8.55 74.10 82.65 NOTE
r-release-macos-arm64 1.0.11 45.00 NOTE
r-release-macos-x86_64 1.0.11 72.00 NOTE
r-release-windows-x86_64 1.0.11 12.00 90.00 102.00 NOTE
r-oldrel-macos-arm64 1.0.11 71.00 NOTE
r-oldrel-macos-x86_64 1.0.11 87.00 NOTE
r-oldrel-windows-x86_64 1.0.11 13.00 100.00 113.00 NOTE

Check Details

Version: 1.0.11
Check: package subdirectories
Result: NOTE Problems with news in ‘NEWS.md’: No news entries found. Flavors: r-devel-linux-x86_64-debian-clang, r-devel-linux-x86_64-debian-gcc, r-devel-linux-x86_64-fedora-clang, r-devel-linux-x86_64-fedora-gcc, r-devel-macos-arm64, r-devel-macos-x86_64, r-devel-windows-x86_64, r-patched-linux-x86_64, r-release-linux-x86_64, r-release-macos-arm64, r-release-macos-x86_64, r-release-windows-x86_64, r-oldrel-macos-arm64, r-oldrel-macos-x86_64, r-oldrel-windows-x86_64

These binaries (installable software) and packages are in development.
They may not be fully stable and should be used with caution. We make no claims about them.