Last updated on 2024-07-27 15:50:27 CEST.
Flavor | Version | Tinstall | Tcheck | Ttotal | Status | Flags |
---|---|---|---|---|---|---|
r-devel-linux-x86_64-debian-clang | 1.0.11 | 11.67 | 100.50 | 112.17 | NOTE | |
r-devel-linux-x86_64-debian-gcc | 1.0.11 | NOTE | ||||
r-devel-linux-x86_64-fedora-clang | 1.0.11 | 138.36 | NOTE | |||
r-devel-linux-x86_64-fedora-gcc | 1.0.11 | 143.79 | NOTE | |||
r-devel-windows-x86_64 | 1.0.11 | 13.00 | 91.00 | 104.00 | NOTE | |
r-patched-linux-x86_64 | 1.0.11 | NOTE | ||||
r-release-linux-x86_64 | 1.0.11 | 6.55 | 97.63 | 104.18 | NOTE | |
r-release-macos-arm64 | 1.0.11 | 45.00 | NOTE | |||
r-release-macos-x86_64 | 1.0.11 | 72.00 | NOTE | |||
r-release-windows-x86_64 | 1.0.11 | 10.00 | 89.00 | 99.00 | NOTE | |
r-oldrel-macos-arm64 | 1.0.11 | 71.00 | NOTE | |||
r-oldrel-macos-x86_64 | 1.0.11 | 87.00 | NOTE | |||
r-oldrel-windows-x86_64 | 1.0.11 | 13.00 | 100.00 | 113.00 | NOTE |
Version: 1.0.11
Check: package subdirectories
Result: NOTE
Problems with news in ‘NEWS.md’:
No news entries found.
Flavors: r-devel-linux-x86_64-debian-clang, r-devel-linux-x86_64-debian-gcc, r-devel-linux-x86_64-fedora-clang, r-devel-linux-x86_64-fedora-gcc, r-devel-windows-x86_64, r-patched-linux-x86_64, r-release-linux-x86_64, r-release-macos-arm64, r-release-macos-x86_64, r-release-windows-x86_64, r-oldrel-macos-arm64, r-oldrel-macos-x86_64, r-oldrel-windows-x86_64
These binaries (installable software) and packages are in development.
They may not be fully stable and should be used with caution. We make no claims about them.