Last updated on 2025-05-08 04:52:12 CEST.
Flavor | Version | Tinstall | Tcheck | Ttotal | Status | Flags |
---|---|---|---|---|---|---|
r-devel-linux-x86_64-debian-clang | 0.8.0 | 10.15 | 96.93 | 107.08 | NOTE | |
r-devel-linux-x86_64-debian-gcc | 0.8.0 | 8.44 | 73.96 | 82.40 | NOTE | |
r-devel-linux-x86_64-fedora-clang | 0.8.0 | 167.15 | OK | |||
r-devel-linux-x86_64-fedora-gcc | 0.8.0 | 175.20 | OK | |||
r-devel-windows-x86_64 | 0.8.0 | 12.00 | 150.00 | 162.00 | OK | |
r-patched-linux-x86_64 | 0.8.0 | 10.43 | 90.18 | 100.61 | OK | |
r-release-linux-x86_64 | 0.8.0 | 9.77 | 90.03 | 99.80 | OK | |
r-release-macos-arm64 | 0.8.0 | 84.00 | OK | |||
r-release-macos-x86_64 | 0.8.0 | 173.00 | OK | |||
r-release-windows-x86_64 | 0.8.0 | 14.00 | 147.00 | 161.00 | OK | |
r-oldrel-macos-arm64 | 0.8.0 | 81.00 | OK | |||
r-oldrel-macos-x86_64 | 0.8.0 | 122.00 | OK | |||
r-oldrel-windows-x86_64 | 0.8.0 | 17.00 | 192.00 | 209.00 | OK |
Version: 0.8.0
Check: CRAN incoming feasibility
Result: NOTE
Maintainer: ‘Fumihiko Takeuchi <fumihiko@takeuchi.name>’
Found the following URLs which should use \doi (with the DOI name only):
File ‘ctassoc.Rd’:
https://doi.org/10.1080/03610927608827353
Flavors: r-devel-linux-x86_64-debian-clang, r-devel-linux-x86_64-debian-gcc
These binaries (installable software) and packages are in development.
They may not be fully stable and should be used with caution. We make no claims about them.