CRAN Package Check Results for Package ontologyIndex

Last updated on 2025-07-26 00:49:11 CEST.

Flavor Version Tinstall Tcheck Ttotal Status Flags
r-devel-linux-x86_64-debian-clang 2.12 2.43 45.34 47.77 NOTE
r-devel-linux-x86_64-debian-gcc 2.12 1.88 34.33 36.21 NOTE
r-devel-linux-x86_64-fedora-clang 2.12 67.28 OK
r-devel-linux-x86_64-fedora-gcc 2.12 83.21 OK
r-devel-windows-x86_64 2.12 4.00 71.00 75.00 OK
r-patched-linux-x86_64 2.12 2.50 44.05 46.55 OK
r-release-linux-x86_64 2.12 1.93 43.70 45.63 OK
r-release-macos-arm64 2.12 32.00 OK
r-release-macos-x86_64 2.12 56.00 OK
r-release-windows-x86_64 2.12 5.00 65.00 70.00 OK
r-oldrel-macos-arm64 2.12 30.00 OK
r-oldrel-macos-x86_64 2.12 47.00 OK
r-oldrel-windows-x86_64 2.12 7.00 73.00 80.00 OK

Check Details

Version: 2.12
Check: CRAN incoming feasibility
Result: NOTE Maintainer: ‘Daniel Greene <dg333@cam.ac.uk>’ No Authors@R field in DESCRIPTION. Please add one, modifying Authors@R: person(given = "Daniel", family = "Greene", role = c("aut", "cre"), email = "dg333@cam.ac.uk") as necessary. Flavors: r-devel-linux-x86_64-debian-clang, r-devel-linux-x86_64-debian-gcc

These binaries (installable software) and packages are in development.
They may not be fully stable and should be used with caution. We make no claims about them.