Last updated on 2025-05-01 17:56:10 CEST.
Flavor | Version | Tinstall | Tcheck | Ttotal | Status | Flags |
---|---|---|---|---|---|---|
r-devel-linux-x86_64-debian-clang | 0.1.1 | 48.21 | 357.20 | 405.41 | NOTE | |
r-devel-linux-x86_64-debian-gcc | 0.1.1 | 34.39 | 255.14 | 289.53 | NOTE | |
r-devel-linux-x86_64-fedora-clang | 0.1.2 | 677.07 | OK | |||
r-devel-linux-x86_64-fedora-gcc | 0.1.1 | 630.44 | NOTE | |||
r-devel-windows-x86_64 | 0.1.2 | 39.00 | 446.00 | 485.00 | OK | |
r-patched-linux-x86_64 | 0.1.1 | 48.39 | 340.12 | 388.51 | OK | |
r-release-linux-x86_64 | OK | |||||
r-release-macos-arm64 | 0.1.2 | 190.00 | OK | |||
r-release-macos-x86_64 | 0.1.2 | 336.00 | OK | |||
r-release-windows-x86_64 | 0.1.1 | 43.00 | 479.00 | 522.00 | OK | |
r-oldrel-macos-arm64 | 0.1.2 | 238.00 | OK | |||
r-oldrel-macos-x86_64 | 0.1.2 | 483.00 | OK | |||
r-oldrel-windows-x86_64 | 0.1.1 | 56.00 | 599.00 | 655.00 | OK |
Version: 0.1.1
Check: CRAN incoming feasibility
Result: NOTE
Maintainer: ‘Kellie J. Archer <archer.43@osu.edu>’
Problems when reading CITATION file:
It is recommended to use ‘given’ instead of ‘middle’.
Package CITATION file contains call(s) to old-style personList() or
as.personList(). Please use c() on person objects instead.
Package CITATION file contains call(s) to old-style citEntry(). Please
use bibentry() instead.
Flavors: r-devel-linux-x86_64-debian-clang, r-devel-linux-x86_64-debian-gcc
Version: 0.1.1
Check: dependencies in R code
Result: NOTE
Namespace in Imports field not imported from: ‘devtools’
All declared Imports should be used.
Flavor: r-devel-linux-x86_64-fedora-gcc
These binaries (installable software) and packages are in development.
They may not be fully stable and should be used with caution. We make no claims about them.