CRAN Package Check Results for Package pGRN

Last updated on 2025-05-08 04:52:13 CEST.

Flavor Version Tinstall Tcheck Ttotal Status Flags
r-devel-linux-x86_64-debian-clang 0.3.5 8.49 80.36 88.85 NOTE
r-devel-linux-x86_64-debian-gcc 0.3.5 5.39 57.35 62.74 NOTE
r-devel-linux-x86_64-fedora-clang 0.3.5 132.12 OK
r-devel-linux-x86_64-fedora-gcc 0.3.5 163.59 OK
r-devel-windows-x86_64 0.3.5 11.00 121.00 132.00 OK
r-patched-linux-x86_64 0.3.5 6.98 76.69 83.67 OK
r-release-linux-x86_64 0.3.5 7.76 76.55 84.31 OK
r-release-macos-arm64 0.3.5 106.00 OK
r-release-macos-x86_64 0.3.5 141.00 OK
r-release-windows-x86_64 0.3.5 10.00 125.00 135.00 OK
r-oldrel-macos-arm64 0.3.5 57.00 OK
r-oldrel-macos-x86_64 0.3.5 92.00 OK
r-oldrel-windows-x86_64 0.3.5 13.00 153.00 166.00 OK

Check Details

Version: 0.3.5
Check: CRAN incoming feasibility
Result: NOTE Maintainer: ‘Gangcai Xie <gcxiester@gmail.com>’ No Authors@R field in DESCRIPTION. Please add one, modifying Authors@R: person(given = "Gangcai", family = "Xie", role = c("aut", "cre"), email = "gcxiester@gmail.com") as necessary. Flavors: r-devel-linux-x86_64-debian-clang, r-devel-linux-x86_64-debian-gcc

These binaries (installable software) and packages are in development.
They may not be fully stable and should be used with caution. We make no claims about them.