CRAN Package Check Results for Package pGRN

Last updated on 2025-10-23 09:50:54 CEST.

Flavor Version Tinstall Tcheck Ttotal Status Flags
r-devel-linux-x86_64-debian-clang 0.3.5 10.15 92.86 103.01 NOTE
r-devel-linux-x86_64-debian-gcc 0.3.5 6.64 66.42 73.06 NOTE
r-devel-linux-x86_64-fedora-clang 0.3.5 23.00 133.30 156.30 OK
r-devel-linux-x86_64-fedora-gcc 0.3.5 19.00 161.67 180.67 OK
r-devel-windows-x86_64 0.3.5 12.00 132.00 144.00 OK
r-patched-linux-x86_64 0.3.5 8.66 88.56 97.22 OK
r-release-linux-x86_64 0.3.5 8.71 88.61 97.32 OK
r-release-macos-arm64 0.3.5 4.00 102.00 106.00 OK
r-release-macos-x86_64 0.3.5 7.00 134.00 141.00 OK
r-release-windows-x86_64 0.3.5 11.00 135.00 146.00 OK
r-oldrel-macos-arm64 0.3.5 3.00 54.00 57.00 OK
r-oldrel-macos-x86_64 0.3.5 5.00 87.00 92.00 OK
r-oldrel-windows-x86_64 0.3.5 15.00 167.00 182.00 OK

Check Details

Version: 0.3.5
Check: CRAN incoming feasibility
Result: NOTE Maintainer: ‘Gangcai Xie <gcxiester@gmail.com>’ No Authors@R field in DESCRIPTION. Please add one, modifying Authors@R: person(given = "Gangcai", family = "Xie", role = c("aut", "cre"), email = "gcxiester@gmail.com") as necessary. Flavors: r-devel-linux-x86_64-debian-clang, r-devel-linux-x86_64-debian-gcc

These binaries (installable software) and packages are in development.
They may not be fully stable and should be used with caution. We make no claims about them.