Last updated on 2024-07-27 15:50:28 CEST.
Flavor | Version | Tinstall | Tcheck | Ttotal | Status | Flags |
---|---|---|---|---|---|---|
r-devel-linux-x86_64-debian-clang | 1.1.7 | 5.14 | 154.08 | 159.22 | OK | |
r-devel-linux-x86_64-debian-gcc | 1.1.7 | OK | ||||
r-devel-linux-x86_64-fedora-clang | 1.1.7 | 209.44 | OK | |||
r-devel-linux-x86_64-fedora-gcc | 1.1.7 | 197.69 | OK | |||
r-devel-windows-x86_64 | 1.1.7 | 6.00 | 130.00 | 136.00 | OK | |
r-patched-linux-x86_64 | 1.1.7 | OK | ||||
r-release-linux-x86_64 | 1.1.7 | 3.50 | 146.35 | 149.85 | OK | |
r-release-macos-arm64 | 1.1.7 | 56.00 | OK | |||
r-release-macos-x86_64 | 1.1.7 | 121.00 | OK | |||
r-release-windows-x86_64 | 1.1.7 | 7.00 | 129.00 | 136.00 | OK | |
r-oldrel-macos-arm64 | 1.1.7 | 65.00 | NOTE | |||
r-oldrel-macos-x86_64 | 1.1.7 | 99.00 | NOTE | |||
r-oldrel-windows-x86_64 | 1.1.7 | 9.00 | 160.00 | 169.00 | OK |
Version: 1.1.7
Check: package dependencies
Result: NOTE
Package suggested but not available for checking: ‘anomalize’
Flavors: r-oldrel-macos-arm64, r-oldrel-macos-x86_64
These binaries (installable software) and packages are in development.
They may not be fully stable and should be used with caution. We make no claims about them.