CRAN Package Check Results for Package pathviewr

Last updated on 2025-02-16 12:53:46 CET.

Flavor Version Tinstall Tcheck Ttotal Status Flags
r-devel-linux-x86_64-debian-clang 1.1.7 5.18 124.36 129.54 OK
r-devel-linux-x86_64-debian-gcc 1.1.7 3.34 90.53 93.87 OK
r-devel-linux-x86_64-fedora-clang 1.1.7 202.15 OK
r-devel-linux-x86_64-fedora-gcc 1.1.7 207.13 OK
r-devel-macos-arm64 1.1.7 66.00 OK
r-devel-macos-x86_64 1.1.7 130.00 OK
r-devel-windows-x86_64 1.1.7 7.00 134.00 141.00 OK
r-patched-linux-x86_64 1.1.7 5.79 113.47 119.26 OK
r-release-linux-x86_64 1.1.7 4.62 115.81 120.43 OK
r-release-macos-arm64 1.1.7 56.00 OK
r-release-macos-x86_64 1.1.7 121.00 OK
r-release-windows-x86_64 1.1.7 8.00 143.00 151.00 OK
r-oldrel-macos-arm64 1.1.7 65.00 NOTE
r-oldrel-macos-x86_64 1.1.7 99.00 NOTE
r-oldrel-windows-x86_64 1.1.7 8.00 165.00 173.00 OK

Check Details

Version: 1.1.7
Check: package dependencies
Result: NOTE Package suggested but not available for checking: ‘anomalize’ Flavors: r-oldrel-macos-arm64, r-oldrel-macos-x86_64

These binaries (installable software) and packages are in development.
They may not be fully stable and should be used with caution. We make no claims about them.