Last updated on 2025-07-19 17:50:18 CEST.
Flavor | Version | Tinstall | Tcheck | Ttotal | Status | Flags |
---|---|---|---|---|---|---|
r-devel-linux-x86_64-debian-clang | 2.2-17 | 21.17 | 91.43 | 112.60 | NOTE | |
r-devel-linux-x86_64-debian-gcc | 2.2-17 | 16.89 | 73.18 | 90.07 | NOTE | |
r-devel-linux-x86_64-fedora-clang | 2.2-17 | 183.13 | OK | |||
r-devel-linux-x86_64-fedora-gcc | 2.2-17 | 161.92 | OK | |||
r-devel-windows-x86_64 | 2.2-17 | 32.00 | 111.00 | 143.00 | OK | |
r-patched-linux-x86_64 | 2.2-17 | 23.11 | 91.63 | 114.74 | OK | |
r-release-linux-x86_64 | 2.2-17 | 22.59 | 90.61 | 113.20 | OK | |
r-release-macos-arm64 | 2.2-17 | 149.00 | OK | |||
r-release-macos-x86_64 | 2.2-17 | 134.00 | OK | |||
r-release-windows-x86_64 | 2.2-17 | 30.00 | 107.00 | 137.00 | OK | |
r-oldrel-macos-arm64 | 2.2-17 | 87.00 | OK | |||
r-oldrel-macos-x86_64 | 2.2-17 | 108.00 | OK | |||
r-oldrel-windows-x86_64 | 2.2-17 | 38.00 | 129.00 | 167.00 | OK |
Version: 2.2-17
Check: CRAN incoming feasibility
Result: NOTE
Maintainer: ‘Thomas Hoffmann <tjhoffm@gmail.com>’
No Authors@R field in DESCRIPTION.
Please add one, modifying
Authors@R: c(person(given = "Thomas",
family = "Hoffmann",
role = c("aut", "cre"),
email = "tjhoffm@gmail.com"),
person(given = c("with", "contributions", "from", "Christoph"),
family = "Lange",
role = "aut",
email = "clange@hsph.harvard.edu"))
as necessary.
Flavors: r-devel-linux-x86_64-debian-clang, r-devel-linux-x86_64-debian-gcc
These binaries (installable software) and packages are in development.
They may not be fully stable and should be used with caution. We make no claims about them.