CRAN Package Check Results for Package pheatmap

Last updated on 2025-02-16 08:50:56 CET.

Flavor Version Tinstall Tcheck Ttotal Status Flags
r-devel-linux-x86_64-debian-clang 1.0.12 3.99 31.38 35.37 NOTE
r-devel-linux-x86_64-debian-gcc 1.0.12 2.90 23.38 26.28 NOTE
r-devel-linux-x86_64-fedora-clang 1.0.12 55.51 NOTE
r-devel-linux-x86_64-fedora-gcc 1.0.12 52.04 NOTE
r-devel-macos-arm64 1.0.12 22.00 OK
r-devel-macos-x86_64 1.0.12 55.00 OK
r-devel-windows-x86_64 1.0.12 5.00 52.00 57.00 NOTE
r-patched-linux-x86_64 1.0.12 5.77 29.68 35.45 NOTE
r-release-linux-x86_64 1.0.12 3.52 29.65 33.17 NOTE
r-release-macos-arm64 1.0.12 20.00 OK
r-release-macos-x86_64 1.0.12 36.00 OK
r-release-windows-x86_64 1.0.12 4.00 52.00 56.00 OK
r-oldrel-macos-arm64 1.0.12 20.00 OK
r-oldrel-macos-x86_64 1.0.12 29.00 OK
r-oldrel-windows-x86_64 1.0.12 6.00 58.00 64.00 OK

Check Details

Version: 1.0.12
Check: Rd cross-references
Result: NOTE Found the following Rd file(s) with Rd \link{} targets missing package anchors: pheatmap.Rd: gtable Please provide package anchors for all Rd \link{} targets not in the package itself and the base packages. Flavors: r-devel-linux-x86_64-debian-clang, r-devel-linux-x86_64-debian-gcc, r-devel-windows-x86_64

Version: 1.0.12
Check: for non-standard things in the check directory
Result: NOTE Found the following files/directories: ‘test.pdf’ Flavors: r-devel-linux-x86_64-debian-clang, r-devel-linux-x86_64-debian-gcc, r-devel-linux-x86_64-fedora-clang, r-devel-linux-x86_64-fedora-gcc, r-patched-linux-x86_64, r-release-linux-x86_64

These binaries (installable software) and packages are in development.
They may not be fully stable and should be used with caution. We make no claims about them.