CRAN Package Check Results for Package phylosignal

Last updated on 2025-11-13 01:50:29 CET.

Flavor Version Tinstall Tcheck Ttotal Status Flags
r-devel-linux-x86_64-debian-clang 1.3.1 40.98 289.86 330.84 NOTE
r-devel-linux-x86_64-debian-gcc 1.3.1 26.78 191.87 218.65 NOTE
r-devel-linux-x86_64-fedora-clang 1.3.1 99.00 423.60 522.60 OK
r-devel-linux-x86_64-fedora-gcc 1.3.1 94.00 404.97 498.97 OK
r-devel-windows-x86_64 1.3.1 44.00 262.00 306.00 OK
r-patched-linux-x86_64 1.3.1 36.41 271.32 307.73 OK
r-release-linux-x86_64 1.3.1 42.23 273.73 315.96 OK
r-release-macos-arm64 1.3.1 22.00 111.00 133.00 OK
r-release-macos-x86_64 1.3.1 28.00 207.00 235.00 OK
r-release-windows-x86_64 1.3.1 45.00 261.00 306.00 OK
r-oldrel-macos-arm64 1.3.1 16.00 105.00 121.00 OK
r-oldrel-macos-x86_64 1.3.1 30.00 171.00 201.00 OK
r-oldrel-windows-x86_64 1.3.1 57.00 365.00 422.00 OK

Check Details

Version: 1.3.1
Check: CRAN incoming feasibility
Result: NOTE Maintainer: ‘Francois Keck <francois.keck@gmail.com>’ No Authors@R field in DESCRIPTION. Please add one, modifying Authors@R: person(given = "Francois", family = "Keck", role = c("aut", "cre"), email = "francois.keck@gmail.com") as necessary. Flavors: r-devel-linux-x86_64-debian-clang, r-devel-linux-x86_64-debian-gcc

These binaries (installable software) and packages are in development.
They may not be fully stable and should be used with caution. We make no claims about them.