Last updated on 2025-05-08 04:52:14 CEST.
Flavor | Version | Tinstall | Tcheck | Ttotal | Status | Flags |
---|---|---|---|---|---|---|
r-devel-linux-x86_64-debian-clang | 0.1.1 | 27.38 | 109.86 | 137.24 | OK | |
r-devel-linux-x86_64-debian-gcc | 0.1.1 | 22.08 | 81.09 | 103.17 | OK | |
r-devel-linux-x86_64-fedora-clang | 0.1.1 | 235.67 | OK | |||
r-devel-linux-x86_64-fedora-gcc | 0.1.1 | 225.94 | OK | |||
r-devel-windows-x86_64 | 0.1.1 | 34.00 | 131.00 | 165.00 | OK | |
r-patched-linux-x86_64 | 0.1.1 | 25.72 | 106.01 | 131.73 | OK | |
r-release-linux-x86_64 | 0.1.1 | 24.92 | 105.44 | 130.36 | OK | |
r-release-macos-arm64 | 0.1.1 | 79.00 | OK | |||
r-release-macos-x86_64 | 0.1.1 | 106.00 | OK | |||
r-release-windows-x86_64 | 0.1.1 | 30.00 | 133.00 | 163.00 | OK | |
r-oldrel-macos-arm64 | 0.1.1 | 59.00 | NOTE | |||
r-oldrel-macos-x86_64 | 0.1.1 | 87.00 | NOTE | |||
r-oldrel-windows-x86_64 | 0.1.1 | 41.00 | 163.00 | 204.00 | NOTE |
Version: 0.1.1
Check: installed package size
Result: NOTE
installed size is 6.3Mb
sub-directories of 1Mb or more:
data 2.6Mb
doc 1.8Mb
libs 1.4Mb
Flavors: r-oldrel-macos-arm64, r-oldrel-macos-x86_64, r-oldrel-windows-x86_64
These binaries (installable software) and packages are in development.
They may not be fully stable and should be used with caution. We make no claims about them.