Last updated on 2025-05-01 14:49:18 CEST.
Flavor | Version | Tinstall | Tcheck | Ttotal | Status | Flags |
---|---|---|---|---|---|---|
r-devel-linux-x86_64-debian-clang | 1.2.8 | 6.91 | 836.78 | 843.69 | NOTE | |
r-devel-linux-x86_64-debian-gcc | 1.2.8 | 4.51 | 600.82 | 605.33 | OK | |
r-devel-linux-x86_64-fedora-clang | 1.2.8 | 1236.43 | OK | |||
r-devel-linux-x86_64-fedora-gcc | 1.2.8 | 758.10 | OK | |||
r-devel-windows-x86_64 | 1.2.8 | 10.00 | 527.00 | 537.00 | OK | |
r-patched-linux-x86_64 | 1.2.8 | 6.89 | 523.97 | 530.86 | OK | |
r-release-linux-x86_64 | OK | |||||
r-release-macos-arm64 | 1.2.8 | 200.00 | OK | |||
r-release-macos-x86_64 | 1.2.8 | 477.00 | OK | |||
r-release-windows-x86_64 | 1.2.8 | 10.00 | 579.00 | 589.00 | OK | |
r-oldrel-macos-arm64 | 1.2.8 | 217.00 | OK | |||
r-oldrel-macos-x86_64 | 1.2.8 | 557.00 | OK | |||
r-oldrel-windows-x86_64 | 1.2.8 | 10.00 | 565.00 | 575.00 | OK |
Version: 1.2.8
Check: examples
Result: NOTE
Examples with CPU (user + system) or elapsed time > 5s
user system elapsed
poso_dose_auc 10.143 0.745 7.720
poso_dose_conc 9.322 0.655 7.313
poso_inter_cmin 9.168 0.397 5.674
poso_time_cmin 8.108 0.281 5.133
poso_estim_sir 6.247 0.087 7.876
Flavor: r-devel-linux-x86_64-debian-clang
Version: 1.2.8
Check: examples
Result: NA
user system elapsed
poso_dose_conc 7.396 0.353 7.626
poso_inter_cmin 7.597 0.138 7.849
poso_dose_auc 7.010 0.445 6.651
poso_time_cmin 6.315 0.093 5.843
poso_estim_sir 3.554 0.114 5.031
OK
Flavor: r-devel-linux-x86_64-debian-gcc
These binaries (installable software) and packages are in development.
They may not be fully stable and should be used with caution. We make no claims about them.