CRAN Package Check Results for Package pubtatordb

Last updated on 2025-07-02 03:50:49 CEST.

Flavor Version Tinstall Tcheck Ttotal Status Flags
r-devel-linux-x86_64-debian-clang 0.1.4 1.89 26.76 28.65 OK
r-devel-linux-x86_64-debian-gcc 0.1.4 1.62 21.94 23.56 OK
r-devel-linux-x86_64-fedora-clang 0.1.4 44.29 OK
r-devel-linux-x86_64-fedora-gcc 0.1.4 55.02 OK
r-devel-windows-x86_64 0.1.4 4.00 49.00 53.00 OK
r-patched-linux-x86_64 OK
r-release-linux-x86_64 0.1.4 1.96 24.28 26.24 OK
r-release-macos-arm64 0.1.4 29.00 OK
r-release-macos-x86_64 0.1.4 75.00 OK
r-release-windows-x86_64 0.1.4 4.00 47.00 51.00 OK
r-oldrel-macos-arm64 0.1.4 24.00 NOTE
r-oldrel-macos-x86_64 0.1.4 62.00 NOTE
r-oldrel-windows-x86_64 0.1.4 4.00 54.00 58.00 NOTE

Additional issues

donttest

Check Details

Version: 0.1.4
Check: LazyData
Result: NOTE 'LazyData' is specified without a 'data' directory Flavors: r-oldrel-macos-arm64, r-oldrel-macos-x86_64, r-oldrel-windows-x86_64

These binaries (installable software) and packages are in development.
They may not be fully stable and should be used with caution. We make no claims about them.