CRAN Package Check Results for Package qcQpcr

Last updated on 2025-05-07 15:49:26 CEST.

Flavor Version Tinstall Tcheck Ttotal Status Flags
r-devel-linux-x86_64-debian-clang 1.5 4.55 45.04 49.59 NOTE
r-devel-linux-x86_64-debian-gcc 1.5 3.37 32.23 35.60 NOTE
r-devel-linux-x86_64-fedora-clang 1.5 69.17 OK
r-devel-linux-x86_64-fedora-gcc 1.5 73.76 OK
r-devel-windows-x86_64 1.5 6.00 64.00 70.00 OK
r-patched-linux-x86_64 1.5 4.40 42.28 46.68 OK
r-release-linux-x86_64 1.5 3.44 42.16 45.60 OK
r-release-macos-arm64 1.5 25.00 OK
r-release-macos-x86_64 1.5 44.00 OK
r-release-windows-x86_64 1.5 7.00 64.00 71.00 OK
r-oldrel-macos-arm64 1.5 25.00 OK
r-oldrel-macos-x86_64 1.5 38.00 OK
r-oldrel-windows-x86_64 1.5 8.00 75.00 83.00 OK

Check Details

Version: 1.5
Check: CRAN incoming feasibility
Result: NOTE Maintainer: ‘Alireza Lorzadeh <alorzadeh@bcgsc.ca>’ No Authors@R field in DESCRIPTION. Please add one, modifying Authors@R: person(given = "Alireza", family = "Lorzadeh", role = c("aut", "cre"), email = "alorzadeh@bcgsc.ca") as necessary. Flavors: r-devel-linux-x86_64-debian-clang, r-devel-linux-x86_64-debian-gcc

These binaries (installable software) and packages are in development.
They may not be fully stable and should be used with caution. We make no claims about them.