Last updated on 2025-11-16 21:49:56 CET.
| Flavor | Version | Tinstall | Tcheck | Ttotal | Status | Flags |
|---|---|---|---|---|---|---|
| r-devel-linux-x86_64-debian-clang | 1.5 | 4.75 | 54.02 | 58.77 | NOTE | |
| r-devel-linux-x86_64-debian-gcc | 1.5 | 3.92 | 40.67 | 44.59 | NOTE | |
| r-devel-linux-x86_64-fedora-clang | 1.5 | 30.00 | 65.58 | 95.58 | OK | |
| r-devel-linux-x86_64-fedora-gcc | 1.5 | 22.00 | 66.33 | 88.33 | OK | |
| r-devel-windows-x86_64 | 1.5 | 9.00 | 70.00 | 79.00 | OK | |
| r-patched-linux-x86_64 | 1.5 | 5.04 | 52.40 | 57.44 | OK | |
| r-release-linux-x86_64 | 1.5 | 4.99 | 52.28 | 57.27 | OK | |
| r-release-macos-arm64 | 1.5 | 3.00 | 29.00 | 32.00 | OK | |
| r-release-macos-x86_64 | 1.5 | 9.00 | 70.00 | 79.00 | OK | |
| r-release-windows-x86_64 | 1.5 | 13.00 | 88.00 | 101.00 | OK | |
| r-oldrel-macos-arm64 | 1.5 | 3.00 | 40.00 | 43.00 | OK | |
| r-oldrel-macos-x86_64 | 1.5 | 8.00 | 62.00 | 70.00 | OK | |
| r-oldrel-windows-x86_64 | 1.5 | 10.00 | 81.00 | 91.00 | OK |
Version: 1.5
Check: CRAN incoming feasibility
Result: NOTE
Maintainer: ‘Alireza Lorzadeh <alorzadeh@bcgsc.ca>’
No Authors@R field in DESCRIPTION.
Please add one, modifying
Authors@R: person(given = "Alireza",
family = "Lorzadeh",
role = c("aut", "cre"),
email = "alorzadeh@bcgsc.ca")
as necessary.
Flavors: r-devel-linux-x86_64-debian-clang, r-devel-linux-x86_64-debian-gcc
These binaries (installable software) and packages are in development.
They may not be fully stable and should be used with caution. We make no claims about them.