Last updated on 2025-02-16 12:53:48 CET.
Flavor | Version | Tinstall | Tcheck | Ttotal | Status | Flags |
---|---|---|---|---|---|---|
r-devel-linux-x86_64-debian-clang | 1.4.3 | 77.24 | 91.77 | 169.01 | OK | |
r-devel-linux-x86_64-debian-gcc | 1.4.3 | 56.91 | 69.83 | 126.74 | OK | |
r-devel-linux-x86_64-fedora-clang | 1.4.3 | 286.94 | OK | |||
r-devel-linux-x86_64-fedora-gcc | 1.4.3 | 314.09 | OK | |||
r-devel-macos-arm64 | 1.4.3 | 77.00 | OK | |||
r-devel-macos-x86_64 | 1.4.3 | 140.00 | OK | |||
r-devel-windows-x86_64 | 1.4.3 | 74.00 | 130.00 | 204.00 | OK | |
r-patched-linux-x86_64 | 1.4.3 | 80.41 | 95.70 | 176.11 | NOTE | |
r-release-linux-x86_64 | 1.4.3 | 79.46 | 94.82 | 174.28 | NOTE | |
r-release-macos-arm64 | 1.4.3 | 75.00 | NOTE | |||
r-release-macos-x86_64 | 1.4.3 | 107.00 | NOTE | |||
r-release-windows-x86_64 | 1.4.3 | 76.00 | 131.00 | 207.00 | NOTE | |
r-oldrel-macos-arm64 | 1.4.3 | 83.00 | NOTE | |||
r-oldrel-macos-x86_64 | 1.4.3 | 140.00 | NOTE | |||
r-oldrel-windows-x86_64 | 1.4.3 | 89.00 | 179.00 | 268.00 | NOTE |
Version: 1.4.3
Check: LazyData
Result: NOTE
'LazyData' is specified without a 'data' directory
Flavors: r-patched-linux-x86_64, r-release-linux-x86_64, r-release-macos-arm64, r-release-macos-x86_64, r-release-windows-x86_64, r-oldrel-macos-arm64, r-oldrel-macos-x86_64, r-oldrel-windows-x86_64
Version: 1.4.3
Check: installed package size
Result: NOTE
installed size is 27.2Mb
sub-directories of 1Mb or more:
libs 26.9Mb
Flavors: r-release-macos-arm64, r-release-macos-x86_64, r-oldrel-macos-arm64, r-oldrel-macos-x86_64
These binaries (installable software) and packages are in development.
They may not be fully stable and should be used with caution. We make no claims about them.