Last updated on 2025-10-23 11:50:24 CEST.
Flavor | Version | Tinstall | Tcheck | Ttotal | Status | Flags |
---|---|---|---|---|---|---|
r-devel-linux-x86_64-debian-clang | 1.4.3 | 72.62 | 95.96 | 168.58 | NOTE | |
r-devel-linux-x86_64-debian-gcc | 1.4.3 | 59.11 | 72.89 | 132.00 | NOTE | |
r-devel-linux-x86_64-fedora-clang | 1.4.3 | 343.00 | -43.43 | 299.57 | OK | |
r-devel-linux-x86_64-fedora-gcc | 1.4.3 | 122.00 | 194.63 | 316.63 | OK | |
r-devel-windows-x86_64 | 1.4.3 | 79.00 | 133.00 | 212.00 | OK | |
r-patched-linux-x86_64 | 1.4.3 | 81.68 | 99.00 | 180.68 | OK | |
r-release-linux-x86_64 | 1.4.3 | 76.39 | 99.18 | 175.57 | OK | |
r-release-macos-arm64 | 1.4.3 | 28.00 | 48.00 | 76.00 | OK | |
r-release-macos-x86_64 | 1.4.3 | 27.00 | 93.00 | 120.00 | OK | |
r-release-windows-x86_64 | 1.4.3 | 83.00 | 133.00 | 216.00 | OK | |
r-oldrel-macos-arm64 | 1.4.3 | 30.00 | 45.00 | 75.00 | NOTE | |
r-oldrel-macos-x86_64 | 1.4.3 | 24.00 | 83.00 | 107.00 | NOTE | |
r-oldrel-windows-x86_64 | 1.4.3 | 91.00 | 171.00 | 262.00 | NOTE |
Version: 1.4.3
Check: CRAN incoming feasibility
Result: NOTE
Maintainer: ‘Frederick J Boehm <frederick.boehm@gmail.com>’
Package CITATION file contains call(s) to old-style personList() or
as.personList(). Please use c() on person objects instead.
Package CITATION file contains call(s) to old-style citEntry(). Please
use bibentry() instead.
Flavors: r-devel-linux-x86_64-debian-clang, r-devel-linux-x86_64-debian-gcc
Version: 1.4.3
Check: HTML version of manual
Result: NOTE
Found the following HTML validation problems:
calc_invsqrt_mat.html:46:1 (calc_invsqrt_mat.Rd:10): Warning: missing </ul> before </div>
calc_sqrt_mat.html:46:1 (calc_sqrt_mat.Rd:10): Warning: missing </ul> before </div>
process_inputs.html:83:1 (process_inputs.Rd:33): Warning: missing </ul> before </div>
rcpp_log_dmvnorm2.html:58:1 (rcpp_log_dmvnorm2.Rd:16): Warning: missing </ul> before </div>
subset_kinship.html:53:1 (subset_kinship.Rd:12): Warning: missing </ul> before </div>
Flavor: r-devel-linux-x86_64-debian-clang
Version: 1.4.3
Check: installed package size
Result: NOTE
installed size is 27.2Mb
sub-directories of 1Mb or more:
libs 26.9Mb
Flavors: r-oldrel-macos-arm64, r-oldrel-macos-x86_64
Version: 1.4.3
Check: LazyData
Result: NOTE
'LazyData' is specified without a 'data' directory
Flavors: r-oldrel-macos-arm64, r-oldrel-macos-x86_64, r-oldrel-windows-x86_64
These binaries (installable software) and packages are in development.
They may not be fully stable and should be used with caution. We make no claims about them.