CRAN Package Check Results for Package rOCEAN

Last updated on 2025-05-01 17:56:14 CEST.

Flavor Version Tinstall Tcheck Ttotal Status Flags
r-devel-linux-x86_64-debian-clang 1.0 2.23 26.19 28.42 OK
r-devel-linux-x86_64-debian-gcc 1.0 1.66 22.76 24.42 OK
r-devel-linux-x86_64-fedora-clang 1.0 44.40 OK
r-devel-linux-x86_64-fedora-gcc 1.0 39.63 OK
r-devel-windows-x86_64 1.0 4.00 49.00 53.00 OK
r-patched-linux-x86_64 1.0 2.25 24.14 26.39 OK
r-release-linux-x86_64 OK
r-release-macos-arm64 1.0 18.00 OK
r-release-macos-x86_64 1.0 30.00 OK
r-release-windows-x86_64 1.0 4.00 52.00 56.00 OK
r-oldrel-macos-arm64 1.0 189.00 OK
r-oldrel-macos-x86_64 1.0 197.00 OK
r-oldrel-windows-x86_64 1.0 3.00 48.00 51.00 OK

Check Details

Version: 1.0
Check: examples
Result: NA user system elapsed corPs 4.404 0.095 5.082 OK Flavor: r-devel-linux-x86_64-debian-gcc

These binaries (installable software) and packages are in development.
They may not be fully stable and should be used with caution. We make no claims about them.