Last updated on 2025-05-08 04:52:17 CEST.
Flavor | Version | Tinstall | Tcheck | Ttotal | Status | Flags |
---|---|---|---|---|---|---|
r-devel-linux-x86_64-debian-clang | 2.1.2 | 6.16 | 52.66 | 58.82 | NOTE | |
r-devel-linux-x86_64-debian-gcc | 2.1.2 | 4.13 | 37.92 | 42.05 | NOTE | |
r-devel-linux-x86_64-fedora-clang | 2.1.2 | 88.52 | OK | |||
r-devel-linux-x86_64-fedora-gcc | 2.1.2 | 102.69 | OK | |||
r-devel-windows-x86_64 | 2.1.2 | 7.00 | 67.00 | 74.00 | OK | |
r-patched-linux-x86_64 | 2.1.2 | 5.88 | 48.70 | 54.58 | OK | |
r-release-linux-x86_64 | 2.1.2 | 4.95 | 49.00 | 53.95 | OK | |
r-release-macos-arm64 | 2.1.2 | 28.00 | OK | |||
r-release-macos-x86_64 | 2.1.2 | 60.00 | OK | |||
r-release-windows-x86_64 | 2.1.2 | 8.00 | 68.00 | 76.00 | OK | |
r-oldrel-macos-arm64 | 2.1.2 | 34.00 | OK | |||
r-oldrel-macos-x86_64 | 2.1.2 | 92.00 | OK | |||
r-oldrel-windows-x86_64 | 2.1.2 | 9.00 | 81.00 | 90.00 | OK |
Version: 2.1.2
Check: CRAN incoming feasibility
Result: NOTE
Maintainer: ‘Mitra Ebrahimpoor<mitra.ebrahimpoor@gmail.com>’
No Authors@R field in DESCRIPTION.
Please add one, modifying
Authors@R: person(given = "Mitra",
family = "Ebrahimpoor",
role = c("aut", "cre"),
email = "mitra.ebrahimpoor@gmail.com")
as necessary.
Flavors: r-devel-linux-x86_64-debian-clang, r-devel-linux-x86_64-debian-gcc
These binaries (installable software) and packages are in development.
They may not be fully stable and should be used with caution. We make no claims about them.