CRAN Package Check Results for Package ranger

Last updated on 2025-07-25 15:50:10 CEST.

Flavor Version Tinstall Tcheck Ttotal Status Flags
r-devel-linux-x86_64-debian-clang 0.17.0 79.46 90.67 170.13 OK
r-devel-linux-x86_64-debian-gcc 0.17.0 62.11 66.07 128.18 OK
r-devel-linux-x86_64-fedora-clang 0.17.0 308.24 OK
r-devel-linux-x86_64-fedora-gcc 0.17.0 300.00 OK
r-devel-windows-x86_64 0.17.0 99.00 164.00 263.00 OK
r-patched-linux-x86_64 0.17.0 89.31 87.20 176.51 OK
r-release-linux-x86_64 0.17.0 88.90 85.98 174.88 OK
r-release-macos-arm64 0.17.0 80.00 OK
r-release-macos-x86_64 0.17.0 141.00 OK
r-release-windows-x86_64 0.17.0 97.00 135.00 232.00 OK
r-oldrel-macos-arm64 0.17.0 79.00 NOTE
r-oldrel-macos-x86_64 0.17.0 135.00 NOTE
r-oldrel-windows-x86_64 0.17.0 118.00 158.00 276.00 OK

Check Details

Version: 0.17.0
Check: installed package size
Result: NOTE installed size is 8.0Mb sub-directories of 1Mb or more: libs 7.7Mb Flavors: r-oldrel-macos-arm64, r-oldrel-macos-x86_64

These binaries (installable software) and packages are in development.
They may not be fully stable and should be used with caution. We make no claims about them.