Last updated on 2025-10-09 21:50:27 CEST.
Flavor | Version | Tinstall | Tcheck | Ttotal | Status | Flags |
---|---|---|---|---|---|---|
r-devel-linux-x86_64-debian-clang | 0.17.0 | 79.28 | 91.82 | 171.10 | OK | |
r-devel-linux-x86_64-debian-gcc | 0.17.0 | 61.10 | 66.88 | 127.98 | OK | |
r-devel-linux-x86_64-fedora-clang | 0.17.0 | 309.67 | OK | |||
r-devel-linux-x86_64-fedora-gcc | 0.17.0 | 297.90 | OK | |||
r-devel-windows-x86_64 | 0.17.0 | 98.00 | 128.00 | 226.00 | OK | |
r-patched-linux-x86_64 | 0.17.0 | 88.16 | 88.68 | 176.84 | OK | |
r-release-linux-x86_64 | 0.17.0 | 84.69 | 87.75 | 172.44 | OK | |
r-release-macos-arm64 | 0.17.0 | 80.00 | OK | |||
r-release-macos-x86_64 | 0.17.0 | 141.00 | OK | |||
r-release-windows-x86_64 | 0.17.0 | 99.00 | 129.00 | 228.00 | OK | |
r-oldrel-macos-arm64 | 0.17.0 | 79.00 | NOTE | |||
r-oldrel-macos-x86_64 | 0.17.0 | 135.00 | NOTE | |||
r-oldrel-windows-x86_64 | 0.17.0 | 117.00 | 159.00 | 276.00 | OK |
Version: 0.17.0
Check: installed package size
Result: NOTE
installed size is 8.0Mb
sub-directories of 1Mb or more:
libs 7.7Mb
Flavors: r-oldrel-macos-arm64, r-oldrel-macos-x86_64
These binaries (installable software) and packages are in development.
They may not be fully stable and should be used with caution. We make no claims about them.