Last updated on 2025-02-16 08:50:58 CET.
Flavor | Version | Tinstall | Tcheck | Ttotal | Status | Flags |
---|---|---|---|---|---|---|
r-devel-linux-x86_64-debian-clang | 2.0.13 | 20.27 | 244.06 | 264.33 | OK | |
r-devel-linux-x86_64-debian-gcc | 2.0.13 | 13.74 | 166.56 | 180.30 | OK | |
r-devel-linux-x86_64-fedora-clang | 2.0.13 | 425.49 | OK | |||
r-devel-linux-x86_64-fedora-gcc | 2.0.13 | 393.39 | OK | |||
r-devel-macos-arm64 | 2.0.13 | 122.00 | OK | |||
r-devel-macos-x86_64 | 2.0.13 | 173.00 | OK | |||
r-devel-windows-x86_64 | 2.0.13 | 33.00 | 254.00 | 287.00 | OK | |
r-patched-linux-x86_64 | 2.0.13 | 24.19 | 228.26 | 252.45 | OK | |
r-release-linux-x86_64 | 2.0.13 | 22.00 | 226.54 | 248.54 | OK | |
r-release-macos-arm64 | 2.0.13 | 121.00 | OK | |||
r-release-macos-x86_64 | 2.0.13 | 183.00 | OK | |||
r-release-windows-x86_64 | 2.0.13 | 32.00 | 259.00 | 291.00 | OK | |
r-oldrel-macos-arm64 | 2.0.7 | 88.00 | NOTE | |||
r-oldrel-macos-x86_64 | 2.0.13 | 207.00 | OK | |||
r-oldrel-windows-x86_64 | 2.0.13 | 39.00 | 330.00 | 369.00 | OK |
Version: 2.0.7
Check: installed package size
Result: NOTE
installed size is 6.9Mb
sub-directories of 1Mb or more:
libs 5.2Mb
Flavor: r-oldrel-macos-arm64
These binaries (installable software) and packages are in development.
They may not be fully stable and should be used with caution. We make no claims about them.