CRAN Package Check Results for Package rbiom

Last updated on 2025-05-01 14:49:19 CEST.

Flavor Version Tinstall Tcheck Ttotal Status Flags
r-devel-linux-x86_64-debian-clang 2.2.0 22.69 244.66 267.35 NOTE
r-devel-linux-x86_64-debian-gcc 2.2.0 13.83 167.73 181.56 OK
r-devel-linux-x86_64-fedora-clang 2.2.0 421.91 OK
r-devel-linux-x86_64-fedora-gcc 2.2.0 375.94 OK
r-devel-windows-x86_64 2.2.0 32.00 255.00 287.00 OK
r-patched-linux-x86_64 2.2.0 23.34 232.61 255.95 OK
r-release-linux-x86_64 OK
r-release-macos-arm64 2.2.0 95.00 OK
r-release-macos-x86_64 2.2.0 203.00 OK
r-release-windows-x86_64 2.2.0 33.00 252.00 285.00 OK
r-oldrel-macos-arm64 2.2.0 112.00 OK
r-oldrel-macos-x86_64 2.2.0 178.00 OK
r-oldrel-windows-x86_64 2.2.0 39.00 320.00 359.00 OK

Check Details

Version: 2.2.0
Check: examples
Result: NOTE Examples with CPU (user + system) or elapsed time > 5s user system elapsed adiv_boxplot 5.519 0.063 7.334 adiv_corrplot 4.345 0.154 5.277 bdiv_heatmap 4.366 0.066 5.154 Flavor: r-devel-linux-x86_64-debian-clang

These binaries (installable software) and packages are in development.
They may not be fully stable and should be used with caution. We make no claims about them.