CRAN Package Check Results for Package revert

Last updated on 2025-05-08 04:52:16 CEST.

Flavor Version Tinstall Tcheck Ttotal Status Flags
r-devel-linux-x86_64-debian-clang 0.0.1 40.58 331.30 371.88 OK
r-devel-linux-x86_64-debian-gcc 0.0.1 25.78 259.01 284.79 OK
r-devel-linux-x86_64-fedora-clang 0.0.1 637.26 OK
r-devel-linux-x86_64-fedora-gcc 0.0.1 600.26 OK
r-devel-windows-x86_64 0.0.1 5.00 5.00 10.00 ERROR
r-patched-linux-x86_64 0.0.1 36.73 320.25 356.98 OK
r-release-linux-x86_64 0.0.1 35.85 314.81 350.66 OK
r-release-macos-arm64 0.0.1 5.00 ERROR
r-release-macos-x86_64 0.0.1 6.00 ERROR
r-release-windows-x86_64 0.0.1 36.00 277.00 313.00 OK
r-oldrel-macos-arm64 0.0.1 9.00 ERROR
r-oldrel-macos-x86_64 0.0.1 11.00 ERROR
r-oldrel-windows-x86_64 0.0.1 29.00 10.00 39.00 ERROR

Check Details

Version: 0.0.1
Check: whether package can be installed
Result: ERROR Installation failed. Flavors: r-devel-windows-x86_64, r-oldrel-windows-x86_64

Version: 0.0.1
Check: package dependencies
Result: ERROR Package required but not available: ‘BSgenome.Hsapiens.UCSC.hg38’ See section ‘The DESCRIPTION file’ in the ‘Writing R Extensions’ manual. Flavors: r-release-macos-arm64, r-release-macos-x86_64, r-oldrel-macos-arm64, r-oldrel-macos-x86_64

These binaries (installable software) and packages are in development.
They may not be fully stable and should be used with caution. We make no claims about them.