Last updated on 2025-05-01 08:52:44 CEST.
Flavor | Version | Tinstall | Tcheck | Ttotal | Status | Flags |
---|---|---|---|---|---|---|
r-devel-linux-x86_64-debian-clang | 1.1.4 | 6.08 | 281.98 | 288.06 | NOTE | |
r-devel-linux-x86_64-debian-gcc | 1.1.4 | 4.08 | 221.39 | 225.47 | NOTE | |
r-devel-linux-x86_64-fedora-clang | 1.1.4 | 461.69 | OK | |||
r-devel-linux-x86_64-fedora-gcc | 1.1.4 | 543.56 | OK | |||
r-devel-windows-x86_64 | 1.1.4 | 9.00 | 363.00 | 372.00 | OK | |
r-patched-linux-x86_64 | 1.1.4 | 5.75 | 277.91 | 283.66 | OK | |
r-release-linux-x86_64 | OK | |||||
r-release-macos-arm64 | 1.1.4 | 206.00 | OK | |||
r-release-macos-x86_64 | 1.1.4 | 453.00 | OK | |||
r-release-windows-x86_64 | 1.1.4 | 9.00 | 367.00 | 376.00 | OK | |
r-oldrel-macos-arm64 | 1.1.4 | 207.00 | OK | |||
r-oldrel-macos-x86_64 | 1.1.4 | 325.00 | OK | |||
r-oldrel-windows-x86_64 | 1.1.4 | 10.00 | 412.00 | 422.00 | OK |
Version: 1.1.4
Check: CRAN incoming feasibility
Result: NOTE
Maintainer: ‘Gerry Tonkin-Hill <g.tonkinhill@gmail.com>’
Package CITATION file contains call(s) to old-style personList() or
as.personList(). Please use c() on person objects instead.
Package CITATION file contains call(s) to old-style citEntry(). Please
use bibentry() instead.
Flavors: r-devel-linux-x86_64-debian-clang, r-devel-linux-x86_64-debian-gcc
These binaries (installable software) and packages are in development.
They may not be fully stable and should be used with caution. We make no claims about them.