Last updated on 2025-02-19 17:51:02 CET.
Flavor | Version | Tinstall | Tcheck | Ttotal | Status | Flags |
---|---|---|---|---|---|---|
r-devel-linux-x86_64-debian-clang | 0.4.5 | 6.86 | 68.59 | 75.45 | NOTE | |
r-devel-linux-x86_64-debian-gcc | 0.4.5 | 5.56 | 53.07 | 58.63 | NOTE | |
r-devel-linux-x86_64-fedora-clang | 0.4.5 | 121.47 | NOTE | |||
r-devel-linux-x86_64-fedora-gcc | 0.4.5 | 113.84 | NOTE | |||
r-devel-macos-arm64 | 0.4.5 | 34.00 | OK | |||
r-devel-macos-x86_64 | 0.4.5 | 74.00 | OK | |||
r-devel-windows-x86_64 | 0.4.5 | 7.00 | 82.00 | 89.00 | NOTE | |
r-patched-linux-x86_64 | 0.4.5 | 9.08 | 64.15 | 73.23 | NOTE | |
r-release-linux-x86_64 | 0.4.5 | 6.46 | 64.13 | 70.59 | NOTE | |
r-release-macos-arm64 | 0.4.5 | 36.00 | NOTE | |||
r-release-macos-x86_64 | 0.4.5 | 51.00 | NOTE | |||
r-release-windows-x86_64 | 0.4.5 | 8.00 | 76.00 | 84.00 | NOTE | |
r-oldrel-macos-arm64 | 0.4.5 | 38.00 | NOTE | |||
r-oldrel-macos-x86_64 | 0.4.5 | 64.00 | NOTE | |||
r-oldrel-windows-x86_64 | 0.4.5 | 10.00 | 87.00 | 97.00 | NOTE |
Version: 0.4.5
Check: Rd cross-references
Result: NOTE
Found the following Rd file(s) with Rd \link{} targets missing package
anchors:
adiff.Rd: madness
Please provide package anchors for all Rd \link{} targets not in the
package itself and the base packages.
Flavors: r-devel-linux-x86_64-debian-clang, r-devel-linux-x86_64-debian-gcc, r-devel-windows-x86_64
Version: 0.4.5
Check: dependencies in R code
Result: NOTE
Namespace in Imports field not imported from: ‘coda’
All declared Imports should be used.
Flavors: r-devel-linux-x86_64-fedora-clang, r-devel-linux-x86_64-fedora-gcc
Version: 0.4.5
Check: LazyData
Result: NOTE
'LazyData' is specified without a 'data' directory
Flavors: r-patched-linux-x86_64, r-release-linux-x86_64, r-release-macos-arm64, r-release-macos-x86_64, r-release-windows-x86_64, r-oldrel-macos-arm64, r-oldrel-macos-x86_64, r-oldrel-windows-x86_64
These binaries (installable software) and packages are in development.
They may not be fully stable and should be used with caution. We make no claims about them.