Last updated on 2025-02-22 16:51:05 CET.
Flavor | Version | Tinstall | Tcheck | Ttotal | Status | Flags |
---|---|---|---|---|---|---|
r-devel-linux-x86_64-debian-clang | 2.29 | 10.81 | 67.32 | 78.13 | OK | |
r-devel-linux-x86_64-debian-gcc | 2.29 | 8.63 | 46.52 | 55.15 | OK | |
r-devel-linux-x86_64-fedora-clang | 2.29 | 131.67 | OK | |||
r-devel-linux-x86_64-fedora-gcc | 2.29 | 139.80 | OK | |||
r-devel-macos-arm64 | 2.29 | 47.00 | OK | |||
r-devel-macos-x86_64 | 2.29 | 98.00 | OK | |||
r-devel-windows-x86_64 | 2.29 | 14.00 | 91.00 | 105.00 | OK | |
r-patched-linux-x86_64 | 2.29 | 10.63 | 63.09 | 73.72 | OK | |
r-release-linux-x86_64 | 2.29 | 10.56 | 63.07 | 73.63 | OK | |
r-release-macos-arm64 | 2.29 | 44.00 | NOTE | |||
r-release-macos-x86_64 | 2.29 | 75.00 | NOTE | |||
r-release-windows-x86_64 | 2.29 | 14.00 | 90.00 | 104.00 | NOTE | |
r-oldrel-macos-arm64 | 2.29 | 51.00 | NOTE | |||
r-oldrel-macos-x86_64 | 2.29 | 69.00 | NOTE | |||
r-oldrel-windows-x86_64 | 2.29 | 16.00 | 99.00 | 115.00 | NOTE |
Version: 2.29
Check: installed package size
Result: NOTE
installed size is 7.1Mb
sub-directories of 1Mb or more:
rmd 6.0Mb
Flavors: r-release-macos-arm64, r-release-macos-x86_64, r-release-windows-x86_64, r-oldrel-macos-arm64, r-oldrel-macos-x86_64, r-oldrel-windows-x86_64
These binaries (installable software) and packages are in development.
They may not be fully stable and should be used with caution. We make no claims about them.