CRAN Package Check Results for Package rpivotTable

Last updated on 2025-05-08 04:52:17 CEST.

Flavor Version Tinstall Tcheck Ttotal Status Flags
r-devel-linux-x86_64-debian-clang 0.3.0 2.75 32.79 35.54 NOTE
r-devel-linux-x86_64-debian-gcc 0.3.0 2.08 25.93 28.01 NOTE
r-devel-linux-x86_64-fedora-clang 0.3.0 54.88 NOTE
r-devel-linux-x86_64-fedora-gcc 0.3.0 69.53 NOTE
r-devel-windows-x86_64 0.3.0 5.00 54.00 59.00 NOTE
r-patched-linux-x86_64 0.3.0 2.81 30.18 32.99 NOTE
r-release-linux-x86_64 0.3.0 2.55 30.36 32.91 NOTE
r-release-macos-arm64 0.3.0 40.00 NOTE
r-release-macos-x86_64 0.3.0 48.00 NOTE
r-release-windows-x86_64 0.3.0 5.00 55.00 60.00 NOTE
r-oldrel-macos-arm64 0.3.0 30.00 NOTE
r-oldrel-macos-x86_64 0.3.0 40.00 NOTE
r-oldrel-windows-x86_64 0.3.0 6.00 60.00 66.00 NOTE

Check Details

Version: 0.3.0
Check: Rd files
Result: NOTE checkRd: (-1) rpivotTable.Rd:60: Lost braces; missing escapes or markup? 60 | An example is: onRefresh=htmlwidgets::JS("function(config) { Shiny.onInputChange('myPivotData', config); }") | ^ Flavors: r-devel-linux-x86_64-debian-clang, r-devel-linux-x86_64-debian-gcc, r-devel-linux-x86_64-fedora-clang, r-devel-linux-x86_64-fedora-gcc, r-devel-windows-x86_64, r-patched-linux-x86_64, r-release-linux-x86_64, r-release-macos-arm64, r-release-macos-x86_64, r-release-windows-x86_64, r-oldrel-macos-arm64, r-oldrel-macos-x86_64, r-oldrel-windows-x86_64

These binaries (installable software) and packages are in development.
They may not be fully stable and should be used with caution. We make no claims about them.