Last updated on 2025-02-16 08:50:59 CET.
Flavor | Version | Tinstall | Tcheck | Ttotal | Status | Flags |
---|---|---|---|---|---|---|
r-devel-linux-x86_64-debian-clang | 0.3.0 | 2.40 | 31.08 | 33.48 | NOTE | |
r-devel-linux-x86_64-debian-gcc | 0.3.0 | 1.81 | 24.89 | 26.70 | NOTE | |
r-devel-linux-x86_64-fedora-clang | 0.3.0 | 55.99 | NOTE | |||
r-devel-linux-x86_64-fedora-gcc | 0.3.0 | 66.59 | NOTE | |||
r-devel-macos-arm64 | 0.3.0 | 29.00 | NOTE | |||
r-devel-macos-x86_64 | 0.3.0 | 58.00 | NOTE | |||
r-devel-windows-x86_64 | 0.3.0 | 4.00 | 54.00 | 58.00 | NOTE | |
r-patched-linux-x86_64 | 0.3.0 | 2.60 | 29.64 | 32.24 | NOTE | |
r-release-linux-x86_64 | 0.3.0 | 2.65 | 29.66 | 32.31 | NOTE | |
r-release-macos-arm64 | 0.3.0 | 30.00 | NOTE | |||
r-release-macos-x86_64 | 0.3.0 | 40.00 | NOTE | |||
r-release-windows-x86_64 | 0.3.0 | 5.00 | 54.00 | 59.00 | NOTE | |
r-oldrel-macos-arm64 | 0.3.0 | 29.00 | OK | |||
r-oldrel-macos-x86_64 | 0.3.0 | 41.00 | OK | |||
r-oldrel-windows-x86_64 | 0.3.0 | 6.00 | 75.00 | 81.00 | OK |
Version: 0.3.0
Check: Rd files
Result: NOTE
checkRd: (-1) rpivotTable.Rd:60: Lost braces; missing escapes or markup?
60 | An example is: onRefresh=htmlwidgets::JS("function(config) { Shiny.onInputChange('myPivotData', config); }")
| ^
Flavors: r-devel-linux-x86_64-debian-clang, r-devel-linux-x86_64-debian-gcc, r-devel-linux-x86_64-fedora-clang, r-devel-linux-x86_64-fedora-gcc, r-devel-macos-arm64, r-devel-macos-x86_64, r-devel-windows-x86_64, r-patched-linux-x86_64, r-release-linux-x86_64, r-release-macos-arm64, r-release-macos-x86_64, r-release-windows-x86_64
These binaries (installable software) and packages are in development.
They may not be fully stable and should be used with caution. We make no claims about them.