Last updated on 2025-05-21 21:49:29 CEST.
Flavor | Version | Tinstall | Tcheck | Ttotal | Status | Flags |
---|---|---|---|---|---|---|
r-devel-linux-x86_64-debian-clang | 3.0.4 | 480.03 | 302.53 | 782.56 | NOTE | |
r-devel-linux-x86_64-debian-gcc | 3.0.4 | 302.83 | 210.17 | 513.00 | NOTE | |
r-devel-linux-x86_64-fedora-clang | 3.0.4 | 1221.60 | NOTE | |||
r-devel-linux-x86_64-fedora-gcc | 3.0.4 | 1408.77 | NOTE | |||
r-devel-windows-x86_64 | 3.0.4 | 463.00 | 460.00 | 923.00 | NOTE | |
r-patched-linux-x86_64 | 3.0.4 | 418.33 | 288.00 | 706.33 | NOTE | |
r-release-linux-x86_64 | 3.0.4 | 418.48 | 288.09 | 706.57 | NOTE | |
r-release-macos-arm64 | 3.0.4 | 1354.00 | NOTE | |||
r-release-macos-x86_64 | 3.0.4 | 474.00 | NOTE | |||
r-release-windows-x86_64 | 3.0.4 | 454.00 | 428.00 | 882.00 | NOTE | |
r-oldrel-macos-arm64 | 3.0.4 | 727.00 | NOTE | |||
r-oldrel-macos-x86_64 | 3.0.4 | 552.00 | NOTE | |||
r-oldrel-windows-x86_64 | 3.0.4 | 523.00 | 527.00 | 1050.00 | NOTE |
Version: 3.0.4
Check: DESCRIPTION meta-information
Result: NOTE
Missing dependency on R >= 4.1.0 because package code uses the pipe
|> or function shorthand \(...) syntax added in R 4.1.0.
File(s) using such syntax:
‘rxFun.Rd’
Flavors: r-devel-linux-x86_64-debian-clang, r-devel-linux-x86_64-debian-gcc, r-devel-linux-x86_64-fedora-clang, r-devel-linux-x86_64-fedora-gcc, r-devel-windows-x86_64, r-patched-linux-x86_64, r-release-linux-x86_64, r-release-macos-arm64, r-release-macos-x86_64, r-release-windows-x86_64
Version: 3.0.4
Check: installed package size
Result: NOTE
installed size is 10.8Mb
sub-directories of 1Mb or more:
R 2.0Mb
include 1.1Mb
libs 5.8Mb
Flavors: r-oldrel-macos-arm64, r-oldrel-macos-x86_64, r-oldrel-windows-x86_64
These binaries (installable software) and packages are in development.
They may not be fully stable and should be used with caution. We make no claims about them.