Last updated on 2025-11-14 17:48:42 CET.
| Flavor | Version | Tinstall | Tcheck | Ttotal | Status | Flags |
|---|---|---|---|---|---|---|
| r-devel-linux-x86_64-debian-clang | 4.1.1 | 566.37 | 315.55 | 881.92 | OK | |
| r-devel-linux-x86_64-debian-gcc | 4.1.1 | 384.55 | 232.97 | 617.52 | OK | |
| r-devel-linux-x86_64-fedora-clang | 4.1.1 | 3180.00 | -1628.70 | 1551.30 | OK | |
| r-devel-linux-x86_64-fedora-gcc | 4.1.1 | 2760.00 | -1172.18 | 1587.82 | OK | |
| r-devel-windows-x86_64 | 4.1.1 | 580.00 | 447.00 | 1027.00 | OK | |
| r-patched-linux-x86_64 | 4.1.1 | 537.89 | 323.67 | 861.56 | OK | |
| r-release-linux-x86_64 | 4.1.1 | 529.05 | 320.82 | 849.87 | OK | |
| r-release-macos-arm64 | 4.1.1 | 1440.00 | 70.00 | 1510.00 | OK | |
| r-release-macos-x86_64 | 4.1.1 | 300.00 | 310.00 | 610.00 | OK | |
| r-release-windows-x86_64 | 4.1.1 | 571.00 | 458.00 | 1029.00 | OK | |
| r-oldrel-macos-arm64 | 4.1.1 | 1440.00 | 133.00 | 1573.00 | NOTE | |
| r-oldrel-macos-x86_64 | 4.1.1 | 288.00 | 308.00 | 596.00 | NOTE | |
| r-oldrel-windows-x86_64 | 4.1.1 | 671.00 | 554.00 | 1225.00 | NOTE |
Version: 4.1.1
Check: installed package size
Result: NOTE
installed size is 11.3Mb
sub-directories of 1Mb or more:
R 2.1Mb
include 1.3Mb
libs 6.0Mb
Flavors: r-oldrel-macos-arm64, r-oldrel-macos-x86_64, r-oldrel-windows-x86_64
These binaries (installable software) and packages are in development.
They may not be fully stable and should be used with caution. We make no claims about them.