Last updated on 2025-10-24 03:50:43 CEST.
| Flavor | Version | Tinstall | Tcheck | Ttotal | Status | Flags |
|---|---|---|---|---|---|---|
| r-devel-linux-x86_64-debian-clang | 4.1.1 | 585.26 | 317.87 | 903.13 | OK | |
| r-devel-linux-x86_64-debian-gcc | 4.1.1 | 381.91 | 232.36 | 614.27 | OK | |
| r-devel-linux-x86_64-fedora-clang | 4.1.1 | 2820.00 | -1381.96 | 1438.04 | OK | |
| r-devel-linux-x86_64-fedora-gcc | 4.1.1 | 1380.00 | 145.61 | 1525.61 | OK | |
| r-devel-windows-x86_64 | 4.1.1 | 559.00 | 450.00 | 1009.00 | OK | |
| r-patched-linux-x86_64 | 4.1.1 | 535.33 | 323.28 | 858.61 | OK | |
| r-release-linux-x86_64 | 4.1.1 | 534.62 | 323.34 | 857.96 | OK | |
| r-release-macos-arm64 | 4.1.1 | 1440.00 | 70.00 | 1510.00 | OK | |
| r-release-macos-x86_64 | 4.1.1 | 300.00 | 310.00 | 610.00 | OK | |
| r-release-windows-x86_64 | 4.1.1 | 482.00 | 428.00 | 910.00 | OK | |
| r-oldrel-macos-arm64 | 4.1.1 | 1440.00 | 133.00 | 1573.00 | NOTE | |
| r-oldrel-macos-x86_64 | 4.1.1 | 288.00 | 308.00 | 596.00 | NOTE | |
| r-oldrel-windows-x86_64 | 4.1.1 | 676.00 | 556.00 | 1232.00 | NOTE |
Version: 4.1.1
Check: installed package size
Result: NOTE
installed size is 11.3Mb
sub-directories of 1Mb or more:
R 2.1Mb
include 1.3Mb
libs 6.0Mb
Flavors: r-oldrel-macos-arm64, r-oldrel-macos-x86_64, r-oldrel-windows-x86_64
These binaries (installable software) and packages are in development.
They may not be fully stable and should be used with caution. We make no claims about them.