Last updated on 2025-05-01 15:49:44 CEST.
Flavor | Version | Tinstall | Tcheck | Ttotal | Status | Flags |
---|---|---|---|---|---|---|
r-devel-linux-x86_64-debian-clang | 1.1.0 | 3.64 | 92.05 | 95.69 | NOTE | |
r-devel-linux-x86_64-debian-gcc | 1.1.0 | 2.58 | 70.08 | 72.66 | OK | |
r-devel-linux-x86_64-fedora-clang | 1.1.0 | 177.41 | OK | |||
r-devel-linux-x86_64-fedora-gcc | 1.1.0 | 183.45 | OK | |||
r-devel-windows-x86_64 | 1.1.0 | 5.00 | 138.00 | 143.00 | OK | |
r-patched-linux-x86_64 | 1.1.0 | 3.08 | 90.39 | 93.47 | OK | |
r-release-linux-x86_64 | OK | |||||
r-release-macos-arm64 | 1.1.0 | 65.00 | OK | |||
r-release-macos-x86_64 | 1.1.0 | 126.00 | OK | |||
r-release-windows-x86_64 | 1.1.0 | 5.00 | 140.00 | 145.00 | OK | |
r-oldrel-macos-arm64 | 1.1.0 | 57.00 | OK | |||
r-oldrel-macos-x86_64 | 1.1.0 | 90.00 | OK | |||
r-oldrel-windows-x86_64 | 1.1.0 | 6.00 | 136.00 | 142.00 | OK |
Version: 1.1.0
Check: examples
Result: NOTE
Examples with CPU (user + system) or elapsed time > 5s
user system elapsed
meHBbeta 4.484 0.078 5.369
Flavor: r-devel-linux-x86_64-debian-clang
These binaries (installable software) and packages are in development.
They may not be fully stable and should be used with caution. We make no claims about them.