Last updated on 2025-02-23 07:52:08 CET.
Flavor | Version | Tinstall | Tcheck | Ttotal | Status | Flags |
---|---|---|---|---|---|---|
r-devel-linux-x86_64-debian-clang | 0.6.15 | 182.17 | 322.43 | 504.60 | OK | |
r-devel-linux-x86_64-debian-gcc | 0.6.15 | 129.83 | 310.64 | 440.47 | OK | |
r-devel-linux-x86_64-fedora-clang | 0.6.15 | 770.19 | OK | |||
r-devel-linux-x86_64-fedora-gcc | 0.6.15 | 686.93 | OK | |||
r-devel-macos-arm64 | 0.6.15 | 362.00 | OK | |||
r-devel-macos-x86_64 | 0.6.15 | 497.00 | OK | |||
r-devel-windows-x86_64 | 0.6.15 | 31.00 | 447.00 | 478.00 | OK | |
r-patched-linux-x86_64 | 0.6.15 | 184.73 | 331.73 | 516.46 | OK | |
r-release-linux-x86_64 | 0.6.15 | 185.38 | 323.10 | 508.48 | OK | |
r-release-macos-arm64 | 0.6.15 | 390.00 | NOTE | |||
r-release-macos-x86_64 | 0.6.15 | 631.00 | NOTE | |||
r-release-windows-x86_64 | 0.6.15 | 14.00 | 435.00 | 449.00 | NOTE | |
r-oldrel-macos-arm64 | 0.6.15 | 423.00 | NOTE | |||
r-oldrel-macos-x86_64 | 0.6.15 | 496.00 | NOTE | |||
r-oldrel-windows-x86_64 | 0.6.15 | 31.00 | 482.00 | 513.00 | NOTE |
Version: 0.6.15
Check: installed package size
Result: NOTE
installed size is 5.3Mb
sub-directories of 1Mb or more:
bin 4.5Mb
Flavors: r-release-macos-arm64, r-release-macos-x86_64, r-release-windows-x86_64, r-oldrel-macos-arm64, r-oldrel-macos-x86_64, r-oldrel-windows-x86_64
These binaries (installable software) and packages are in development.
They may not be fully stable and should be used with caution. We make no claims about them.