Last updated on 2025-10-10 13:49:37 CEST.
Flavor | Version | Tinstall | Tcheck | Ttotal | Status | Flags |
---|---|---|---|---|---|---|
r-devel-linux-x86_64-debian-clang | 0.6.16 | 185.28 | 327.62 | 512.90 | OK | |
r-devel-linux-x86_64-debian-gcc | 0.6.16 | 121.03 | 310.19 | 431.22 | OK | |
r-devel-linux-x86_64-fedora-clang | 0.6.16 | 824.50 | OK | |||
r-devel-linux-x86_64-fedora-gcc | 0.6.16 | 740.62 | OK | |||
r-devel-windows-x86_64 | 0.6.16 | 14.00 | 434.00 | 448.00 | OK | |
r-patched-linux-x86_64 | 0.6.16 | 181.50 | 327.06 | 508.56 | OK | |
r-release-linux-x86_64 | 0.6.16 | 182.61 | 335.26 | 517.87 | OK | |
r-release-macos-arm64 | 0.6.16 | 343.00 | OK | |||
r-release-macos-x86_64 | 0.6.16 | 384.00 | OK | |||
r-release-windows-x86_64 | 0.6.16 | 16.00 | 419.00 | 435.00 | OK | |
r-oldrel-macos-arm64 | 0.6.16 | 353.00 | NOTE | |||
r-oldrel-macos-x86_64 | 0.6.16 | 429.00 | NOTE | |||
r-oldrel-windows-x86_64 | 0.6.16 | 18.00 | 525.00 | 543.00 | NOTE |
Version: 0.6.16
Check: installed package size
Result: NOTE
installed size is 5.3Mb
sub-directories of 1Mb or more:
bin 4.5Mb
Flavors: r-oldrel-macos-arm64, r-oldrel-macos-x86_64, r-oldrel-windows-x86_64
These binaries (installable software) and packages are in development.
They may not be fully stable and should be used with caution. We make no claims about them.