Last updated on 2025-07-25 09:50:58 CEST.
Flavor | Version | Tinstall | Tcheck | Ttotal | Status | Flags |
---|---|---|---|---|---|---|
r-devel-linux-x86_64-debian-clang | 3.2.2 | 9.56 | 203.38 | 212.94 | NOTE | |
r-devel-linux-x86_64-debian-gcc | 3.2.2 | 7.92 | 140.57 | 148.49 | NOTE | |
r-devel-linux-x86_64-fedora-clang | 3.2.2 | 360.62 | OK | |||
r-devel-linux-x86_64-fedora-gcc | 3.2.2 | 358.49 | OK | |||
r-devel-windows-x86_64 | 3.2.2 | 11.00 | 236.00 | 247.00 | OK | |
r-patched-linux-x86_64 | 3.2.2 | 9.96 | 199.04 | 209.00 | OK | |
r-release-linux-x86_64 | 3.2.2 | 10.29 | 196.84 | 207.13 | OK | |
r-release-macos-arm64 | 3.2.2 | 115.00 | OK | |||
r-release-macos-x86_64 | 3.2.2 | 234.00 | OK | |||
r-release-windows-x86_64 | 3.2.2 | 13.00 | 229.00 | 242.00 | OK | |
r-oldrel-macos-arm64 | 3.2.2 | 102.00 | OK | |||
r-oldrel-macos-x86_64 | 3.2.2 | 166.00 | OK | |||
r-oldrel-windows-x86_64 | 3.2.2 | 16.00 | 270.00 | 286.00 | OK |
Version: 3.2.2
Check: CRAN incoming feasibility
Result: NOTE
Maintainer: ‘Xin Shao<xin_shao@zju.edu.cn>’
No Authors@R field in DESCRIPTION.
Please add one, modifying
Authors@R: person(given = "Xin",
family = "Shao",
role = c("aut", "cre"),
email = "xin_shao@zju.edu.cn")
as necessary.
Flavors: r-devel-linux-x86_64-debian-clang, r-devel-linux-x86_64-debian-gcc
These binaries (installable software) and packages are in development.
They may not be fully stable and should be used with caution. We make no claims about them.