Last updated on 2025-05-01 14:49:22 CEST.
Flavor | Version | Tinstall | Tcheck | Ttotal | Status | Flags |
---|---|---|---|---|---|---|
r-devel-linux-x86_64-debian-clang | 3.2.2 | 10.37 | 199.42 | 209.79 | NOTE | |
r-devel-linux-x86_64-debian-gcc | 3.2.2 | 7.80 | 140.85 | 148.65 | NOTE | |
r-devel-linux-x86_64-fedora-clang | 3.2.2 | 348.53 | OK | |||
r-devel-linux-x86_64-fedora-gcc | 3.2.2 | 360.36 | OK | |||
r-devel-windows-x86_64 | 3.2.2 | 12.00 | 226.00 | 238.00 | OK | |
r-patched-linux-x86_64 | 3.2.2 | 9.84 | 196.09 | 205.93 | OK | |
r-release-linux-x86_64 | OK | |||||
r-release-macos-arm64 | 3.2.2 | 115.00 | OK | |||
r-release-macos-x86_64 | 3.2.2 | 234.00 | OK | |||
r-release-windows-x86_64 | 3.2.2 | 12.00 | 243.00 | 255.00 | OK | |
r-oldrel-macos-arm64 | 3.2.2 | 102.00 | OK | |||
r-oldrel-macos-x86_64 | 3.2.2 | 166.00 | OK | |||
r-oldrel-windows-x86_64 | 3.2.2 | 13.00 | 263.00 | 276.00 | OK |
Version: 3.2.2
Check: CRAN incoming feasibility
Result: NOTE
Maintainer: ‘Xin Shao<xin_shao@zju.edu.cn>’
No Authors@R field in DESCRIPTION.
Please add one, modifying
Authors@R: person(given = "Xin",
family = "Shao",
role = c("aut", "cre"),
email = "xin_shao@zju.edu.cn")
as necessary.
Flavors: r-devel-linux-x86_64-debian-clang, r-devel-linux-x86_64-debian-gcc
These binaries (installable software) and packages are in development.
They may not be fully stable and should be used with caution. We make no claims about them.