Last updated on 2025-05-21 23:48:55 CEST.
Flavor | Version | Tinstall | Tcheck | Ttotal | Status | Flags |
---|---|---|---|---|---|---|
r-devel-linux-x86_64-debian-clang | 0.2.0.0 | 62.45 | 593.67 | 656.12 | OK | |
r-devel-linux-x86_64-debian-gcc | 0.2.0.0 | 50.62 | 437.59 | 488.21 | OK | |
r-devel-linux-x86_64-fedora-clang | 0.2.0.0 | 1043.27 | OK | |||
r-devel-linux-x86_64-fedora-gcc | 0.2.0.0 | 1026.46 | OK | |||
r-devel-windows-x86_64 | 0.2.0.0 | 72.00 | 582.00 | 654.00 | OK | |
r-patched-linux-x86_64 | 0.2.0.0 | 60.26 | 571.50 | 631.76 | OK | |
r-release-linux-x86_64 | 0.2.0.0 | 66.34 | 566.70 | 633.04 | OK | |
r-release-macos-arm64 | 0.2.0.0 | 6.00 | ERROR | |||
r-release-macos-x86_64 | 0.2.0.0 | 7.00 | ERROR | |||
r-release-windows-x86_64 | 0.2.0.0 | 74.00 | 482.00 | 556.00 | OK | |
r-oldrel-macos-arm64 | 0.2.0.0 | 10.00 | ERROR | |||
r-oldrel-macos-x86_64 | 0.2.0.0 | 12.00 | ERROR | |||
r-oldrel-windows-x86_64 | 0.2.0.0 | 92.00 | 620.00 | 712.00 | NOTE |
Version: 0.2.0.0
Check: package dependencies
Result: ERROR
Packages required but not available: 'ReactomeGSA', 'celldex', 'SingleR'
See section ‘The DESCRIPTION file’ in the ‘Writing R Extensions’
manual.
Flavors: r-release-macos-arm64, r-release-macos-x86_64
Version: 0.2.0.0
Check: package dependencies
Result: ERROR
Packages required but not available: 'ReactomeGSA', 'celldex'
See section ‘The DESCRIPTION file’ in the ‘Writing R Extensions’
manual.
Flavors: r-oldrel-macos-arm64, r-oldrel-macos-x86_64
Version: 0.2.0.0
Check: installed package size
Result: NOTE
installed size is 16.8Mb
sub-directories of 1Mb or more:
extdata 16.7Mb
Flavor: r-oldrel-windows-x86_64
These binaries (installable software) and packages are in development.
They may not be fully stable and should be used with caution. We make no claims about them.