Last updated on 2025-02-16 08:51:00 CET.
Flavor | Version | Tinstall | Tcheck | Ttotal | Status | Flags |
---|---|---|---|---|---|---|
r-devel-linux-x86_64-debian-clang | 0.0.2 | 2.20 | 88.06 | 90.26 | OK | |
r-devel-linux-x86_64-debian-gcc | 0.0.2 | 1.80 | 60.56 | 62.36 | OK | |
r-devel-linux-x86_64-fedora-clang | 0.0.2 | 155.51 | OK | |||
r-devel-linux-x86_64-fedora-gcc | 0.0.2 | 167.15 | OK | |||
r-devel-macos-arm64 | 0.0.2 | 51.00 | OK | |||
r-devel-macos-x86_64 | 0.0.2 | 116.00 | OK | |||
r-devel-windows-x86_64 | 0.0.2 | 3.00 | 114.00 | 117.00 | OK | |
r-patched-linux-x86_64 | 0.0.2 | 2.37 | 81.98 | 84.35 | NOTE | |
r-release-linux-x86_64 | 0.0.2 | 2.19 | 84.58 | 86.77 | NOTE | |
r-release-macos-arm64 | 0.0.2 | 53.00 | NOTE | |||
r-release-macos-x86_64 | 0.0.2 | 87.00 | NOTE | |||
r-release-windows-x86_64 | 0.0.2 | 3.00 | 114.00 | 117.00 | NOTE | |
r-oldrel-macos-arm64 | 0.0.2 | 55.00 | NOTE | |||
r-oldrel-macos-x86_64 | 0.0.2 | 101.00 | NOTE | |||
r-oldrel-windows-x86_64 | 0.0.2 | 3.00 | 123.00 | 126.00 | NOTE |
Version: 0.0.2
Check: LazyData
Result: NOTE
'LazyData' is specified without a 'data' directory
Flavors: r-patched-linux-x86_64, r-release-linux-x86_64, r-release-macos-arm64, r-release-macos-x86_64, r-release-windows-x86_64, r-oldrel-macos-arm64, r-oldrel-macos-x86_64, r-oldrel-windows-x86_64
These binaries (installable software) and packages are in development.
They may not be fully stable and should be used with caution. We make no claims about them.