Last updated on 2025-07-26 07:50:34 CEST.
Flavor | Version | Tinstall | Tcheck | Ttotal | Status | Flags |
---|---|---|---|---|---|---|
r-devel-linux-x86_64-debian-clang | 0.7.2 | 219.02 | 258.71 | 477.73 | OK | |
r-devel-linux-x86_64-debian-gcc | 0.7.2 | 179.22 | 205.91 | 385.13 | OK | |
r-devel-linux-x86_64-fedora-clang | 0.7.2 | 794.08 | OK | |||
r-devel-linux-x86_64-fedora-gcc | 0.7.2 | 970.12 | OK | |||
r-devel-windows-x86_64 | 0.7.2 | 230.00 | 315.00 | 545.00 | OK | |
r-patched-linux-x86_64 | 0.7.2 | 247.96 | 272.29 | 520.25 | OK | |
r-release-linux-x86_64 | 0.7.2 | 244.38 | 270.69 | 515.07 | OK | |
r-release-macos-arm64 | 0.7.2 | 196.00 | OK | |||
r-release-macos-x86_64 | 0.7.2 | 324.00 | OK | |||
r-release-windows-x86_64 | 0.7.2 | 215.00 | 314.00 | 529.00 | OK | |
r-oldrel-macos-arm64 | 0.7.2 | 208.00 | NOTE | |||
r-oldrel-macos-x86_64 | 0.7.2 | 355.00 | NOTE | |||
r-oldrel-windows-x86_64 | 0.7.2 | 259.00 | 384.00 | 643.00 | NOTE |
Version: 0.7.2
Check: installed package size
Result: NOTE
installed size is 89.1Mb
sub-directories of 1Mb or more:
libs 87.8Mb
Flavors: r-oldrel-macos-arm64, r-oldrel-macos-x86_64, r-oldrel-windows-x86_64
These binaries (installable software) and packages are in development.
They may not be fully stable and should be used with caution. We make no claims about them.