Last updated on 2024-07-27 15:50:33 CEST.
Flavor | Version | Tinstall | Tcheck | Ttotal | Status | Flags |
---|---|---|---|---|---|---|
r-devel-linux-x86_64-debian-clang | 4.2-36 | 14.44 | 133.54 | 147.98 | OK | |
r-devel-linux-x86_64-debian-gcc | 4.2-36 | OK | ||||
r-devel-linux-x86_64-fedora-clang | 4.2-36 | 193.31 | NOTE | |||
r-devel-linux-x86_64-fedora-gcc | 4.2-36 | 187.85 | OK | |||
r-devel-windows-x86_64 | 4.2-36 | 20.00 | 146.00 | 166.00 | NOTE | |
r-patched-linux-x86_64 | 4.2-36 | OK | ||||
r-release-linux-x86_64 | 4.2-36 | 14.33 | 127.72 | 142.05 | OK | |
r-release-macos-arm64 | 4.2-36 | 58.00 | NOTE | |||
r-release-macos-x86_64 | 4.2-36 | 131.00 | NOTE | |||
r-release-windows-x86_64 | 4.2-36 | 19.00 | 146.00 | 165.00 | NOTE | |
r-oldrel-macos-arm64 | 4.2-36 | 64.00 | NOTE | |||
r-oldrel-macos-x86_64 | 4.2-36 | 137.00 | NOTE | |||
r-oldrel-windows-x86_64 | 4.2-36 | 24.00 | 173.00 | 197.00 | NOTE |
Version: 4.2-36
Check: installed package size
Result: NOTE
installed size is 5.4Mb
sub-directories of 1Mb or more:
data 1.5Mb
sequences 1.9Mb
Flavors: r-devel-linux-x86_64-fedora-clang, r-devel-windows-x86_64, r-release-macos-arm64, r-release-macos-x86_64, r-release-windows-x86_64, r-oldrel-macos-arm64, r-oldrel-macos-x86_64, r-oldrel-windows-x86_64
These binaries (installable software) and packages are in development.
They may not be fully stable and should be used with caution. We make no claims about them.