Last updated on 2025-10-03 11:51:01 CEST.
Flavor | Version | Tinstall | Tcheck | Ttotal | Status | Flags |
---|---|---|---|---|---|---|
r-devel-linux-x86_64-debian-clang | 4.2-36 | 12.81 | 110.94 | 123.75 | OK | |
r-devel-linux-x86_64-debian-gcc | 4.2-36 | 9.45 | 77.42 | 86.87 | OK | |
r-devel-linux-x86_64-fedora-clang | 4.2-36 | 181.76 | OK | |||
r-devel-linux-x86_64-fedora-gcc | 4.2-36 | 178.93 | OK | |||
r-devel-windows-x86_64 | 4.2-36 | 25.00 | 154.00 | 179.00 | OK | |
r-patched-linux-x86_64 | 4.2-36 | 15.20 | 104.39 | 119.59 | OK | |
r-release-linux-x86_64 | 4.2-36 | 12.08 | 106.53 | 118.61 | OK | |
r-release-macos-arm64 | 4.2-36 | 69.00 | OK | |||
r-release-macos-x86_64 | 4.2-36 | 128.00 | OK | |||
r-release-windows-x86_64 | 4.2-36 | 21.00 | 151.00 | 172.00 | OK | |
r-oldrel-macos-arm64 | 4.2-36 | 58.00 | NOTE | |||
r-oldrel-macos-x86_64 | 4.2-36 | 131.00 | NOTE | |||
r-oldrel-windows-x86_64 | 4.2-36 | 26.00 | 182.00 | 208.00 | NOTE |
Version: 4.2-36
Check: installed package size
Result: NOTE
installed size is 5.5Mb
sub-directories of 1Mb or more:
data 1.4Mb
sequences 1.9Mb
Flavors: r-oldrel-macos-arm64, r-oldrel-macos-x86_64, r-oldrel-windows-x86_64
These binaries (installable software) and packages are in development.
They may not be fully stable and should be used with caution. We make no claims about them.