Last updated on 2025-05-03 22:50:09 CEST.
Flavor | Version | Tinstall | Tcheck | Ttotal | Status | Flags |
---|---|---|---|---|---|---|
r-devel-linux-x86_64-debian-clang | 4.2-36 | 13.92 | 107.57 | 121.49 | OK | |
r-devel-linux-x86_64-debian-gcc | 4.2-36 | 9.63 | 75.91 | 85.54 | OK | |
r-devel-linux-x86_64-fedora-clang | 4.2-36 | 187.47 | OK | |||
r-devel-linux-x86_64-fedora-gcc | 4.2-36 | 186.49 | OK | |||
r-devel-windows-x86_64 | 4.2-36 | 20.00 | 178.00 | 198.00 | OK | |
r-patched-linux-x86_64 | 4.2-36 | 16.35 | 103.63 | 119.98 | OK | |
r-release-linux-x86_64 | OK | |||||
r-release-macos-arm64 | 4.2-36 | 69.00 | OK | |||
r-release-macos-x86_64 | 4.2-36 | 128.00 | OK | |||
r-release-windows-x86_64 | 4.2-36 | 20.00 | 161.00 | 181.00 | OK | |
r-oldrel-macos-arm64 | 4.2-36 | 58.00 | NOTE | |||
r-oldrel-macos-x86_64 | 4.2-36 | 131.00 | NOTE | |||
r-oldrel-windows-x86_64 | 4.2-36 | 23.00 | 179.00 | 202.00 | NOTE |
Version: 4.2-36
Check: installed package size
Result: NOTE
installed size is 5.5Mb
sub-directories of 1Mb or more:
data 1.4Mb
sequences 1.9Mb
Flavors: r-oldrel-macos-arm64, r-oldrel-macos-x86_64, r-oldrel-windows-x86_64
These binaries (installable software) and packages are in development.
They may not be fully stable and should be used with caution. We make no claims about them.