Last updated on 2025-10-03 13:49:47 CEST.
Flavor | Version | Tinstall | Tcheck | Ttotal | Status | Flags |
---|---|---|---|---|---|---|
r-devel-linux-x86_64-debian-clang | 1.5 | 2.83 | 33.40 | 36.23 | NOTE | |
r-devel-linux-x86_64-debian-gcc | 1.5 | 2.21 | 26.09 | 28.30 | NOTE | |
r-devel-linux-x86_64-fedora-clang | 1.5 | 53.98 | NOTE | |||
r-devel-linux-x86_64-fedora-gcc | 1.5 | 69.13 | NOTE | |||
r-devel-windows-x86_64 | 1.5 | 7.00 | 61.00 | 68.00 | NOTE | |
r-patched-linux-x86_64 | 1.5 | 2.83 | 31.70 | 34.53 | NOTE | |
r-release-linux-x86_64 | 1.5 | 2.66 | 31.39 | 34.05 | NOTE | |
r-release-macos-arm64 | 1.5 | 36.00 | NOTE | |||
r-release-macos-x86_64 | 1.5 | 58.00 | NOTE | |||
r-release-windows-x86_64 | 1.5 | 5.00 | 59.00 | 64.00 | NOTE | |
r-oldrel-macos-arm64 | 1.5 | 31.00 | NOTE | |||
r-oldrel-macos-x86_64 | 1.5 | 49.00 | NOTE | |||
r-oldrel-windows-x86_64 | 1.5 | 7.00 | 70.00 | 77.00 | NOTE |
Version: 1.5
Check: Rd files
Result: NOTE
checkRd: (-1) shiftrPrepare.Rd:37: Lost braces
37 | See code{\link{shiftrPermBinary}} function and the respective example.
| ^
Flavors: r-devel-linux-x86_64-debian-clang, r-devel-linux-x86_64-debian-gcc, r-devel-linux-x86_64-fedora-clang, r-devel-linux-x86_64-fedora-gcc, r-devel-windows-x86_64, r-patched-linux-x86_64, r-release-linux-x86_64, r-release-macos-arm64, r-release-macos-x86_64, r-release-windows-x86_64, r-oldrel-macos-arm64, r-oldrel-macos-x86_64, r-oldrel-windows-x86_64
These binaries (installable software) and packages are in development.
They may not be fully stable and should be used with caution. We make no claims about them.