CRAN Package Check Results for Package sigminer

Last updated on 2025-07-19 21:49:49 CEST.

Flavor Version Tinstall Tcheck Ttotal Status Flags
r-devel-linux-x86_64-debian-clang 2.3.1 37.31 221.08 258.39 NOTE
r-devel-linux-x86_64-debian-gcc 2.3.1 22.87 152.61 175.48 NOTE
r-devel-linux-x86_64-fedora-clang 2.3.1 400.40 NOTE
r-devel-linux-x86_64-fedora-gcc 2.3.1 389.57 NOTE
r-devel-windows-x86_64 2.3.1 43.00 237.00 280.00 NOTE
r-patched-linux-x86_64 2.3.1 36.04 207.91 243.95 NOTE
r-release-linux-x86_64 2.3.1 35.03 208.11 243.14 NOTE
r-release-macos-arm64 2.3.1 104.00 NOTE
r-release-macos-x86_64 2.3.1 189.00 NOTE
r-release-windows-x86_64 2.3.1 44.00 240.00 284.00 NOTE
r-oldrel-macos-arm64 2.3.1 67.00 NOTE
r-oldrel-macos-x86_64 2.3.1 151.00 NOTE
r-oldrel-windows-x86_64 2.3.1 57.00 301.00 358.00 NOTE

Check Details

Version: 2.3.1
Check: DESCRIPTION meta-information
Result: NOTE Missing dependency on R >= 4.1.0 because package code uses the pipe |> or function shorthand \(...) syntax added in R 4.1.0. File(s) using such syntax: ‘show_group_enrichment.R’ Flavors: r-devel-linux-x86_64-debian-clang, r-devel-linux-x86_64-debian-gcc, r-devel-linux-x86_64-fedora-clang, r-devel-linux-x86_64-fedora-gcc, r-devel-windows-x86_64, r-patched-linux-x86_64, r-release-linux-x86_64, r-release-macos-arm64, r-release-macos-x86_64, r-release-windows-x86_64

Version: 2.3.1
Check: package dependencies
Result: NOTE Package suggested but not available for checking: ‘BSgenome.Hsapiens.UCSC.hg19’ Flavors: r-oldrel-macos-arm64, r-oldrel-macos-x86_64

Version: 2.3.1
Check: installed package size
Result: NOTE installed size is 6.0Mb sub-directories of 1Mb or more: extdata 1.0Mb help 1.7Mb Flavors: r-oldrel-macos-arm64, r-oldrel-macos-x86_64, r-oldrel-windows-x86_64

These binaries (installable software) and packages are in development.
They may not be fully stable and should be used with caution. We make no claims about them.