Last updated on 2024-07-27 15:50:34 CEST.
Flavor | Version | Tinstall | Tcheck | Ttotal | Status | Flags |
---|---|---|---|---|---|---|
r-devel-linux-x86_64-debian-clang | 2.3.1 | 41.68 | 267.70 | 309.38 | OK | |
r-devel-linux-x86_64-debian-gcc | 2.3.1 | OK | ||||
r-devel-linux-x86_64-fedora-clang | 2.3.1 | 391.78 | NOTE | |||
r-devel-linux-x86_64-fedora-gcc | 2.3.1 | 397.81 | OK | |||
r-devel-windows-x86_64 | 2.3.1 | 42.00 | 221.00 | 263.00 | NOTE | |
r-patched-linux-x86_64 | 2.3.1 | OK | ||||
r-release-linux-x86_64 | 2.3.1 | 35.29 | 247.86 | 283.15 | OK | |
r-release-macos-arm64 | 2.3.1 | 67.00 | NOTE | |||
r-release-macos-x86_64 | 2.3.1 | 151.00 | NOTE | |||
r-release-windows-x86_64 | 2.3.1 | 49.00 | 228.00 | 277.00 | NOTE | |
r-oldrel-macos-arm64 | 2.3.1 | 78.00 | NOTE | |||
r-oldrel-macos-x86_64 | 2.3.1 | 121.00 | NOTE | |||
r-oldrel-windows-x86_64 | 2.3.1 | 56.00 | 292.00 | 348.00 | NOTE |
Version: 2.3.1
Check: installed package size
Result: NOTE
installed size is 5.3Mb
sub-directories of 1Mb or more:
extdata 1.0Mb
help 1.7Mb
Flavors: r-devel-linux-x86_64-fedora-clang, r-devel-windows-x86_64, r-release-macos-arm64, r-release-macos-x86_64, r-release-windows-x86_64, r-oldrel-macos-arm64, r-oldrel-macos-x86_64, r-oldrel-windows-x86_64
Version: 2.3.1
Check: package dependencies
Result: NOTE
Package suggested but not available for checking: ‘BSgenome.Hsapiens.UCSC.hg19’
Flavors: r-release-macos-arm64, r-release-macos-x86_64, r-oldrel-macos-arm64, r-oldrel-macos-x86_64
These binaries (installable software) and packages are in development.
They may not be fully stable and should be used with caution. We make no claims about them.