CRAN Package Check Results for Package signatureSurvival

Last updated on 2025-07-02 03:50:52 CEST.

Flavor Version Tinstall Tcheck Ttotal Status Flags
r-devel-linux-x86_64-debian-clang 1.0.0 15.73 135.69 151.42 NOTE
r-devel-linux-x86_64-debian-gcc 1.0.0 10.19 90.87 101.06 NOTE
r-devel-linux-x86_64-fedora-clang 1.0.0 235.98 OK
r-devel-linux-x86_64-fedora-gcc 1.0.0 220.04 OK
r-devel-windows-x86_64 1.0.0 16.00 143.00 159.00 NOTE
r-patched-linux-x86_64 NOTE
r-release-linux-x86_64 1.0.0 13.35 125.84 139.19 NOTE
r-release-macos-arm64 1.0.0 55.00 OK
r-release-macos-x86_64 1.0.0 106.00 OK
r-release-windows-x86_64 1.0.0 16.00 143.00 159.00 NOTE
r-oldrel-macos-arm64 1.0.0 55.00 OK
r-oldrel-macos-x86_64 1.0.0 84.00 OK
r-oldrel-windows-x86_64 1.0.0 21.00 191.00 212.00 OK

Check Details

Version: 1.0.0
Check: Rd cross-references
Result: NOTE Found the following Rd file(s) with Rd \link{} targets missing package anchors: survivalForest.Rd: forestplot Please provide package anchors for all Rd \link{} targets not in the package itself and the base packages. Flavors: r-devel-linux-x86_64-debian-clang, r-devel-linux-x86_64-debian-gcc, r-devel-windows-x86_64, r-patched-linux-x86_64, r-release-linux-x86_64, r-release-windows-x86_64

These binaries (installable software) and packages are in development.
They may not be fully stable and should be used with caution. We make no claims about them.