Last updated on 2025-02-16 08:51:00 CET.
Flavor | Version | Tinstall | Tcheck | Ttotal | Status | Flags |
---|---|---|---|---|---|---|
r-devel-linux-x86_64-debian-clang | 1.0.0 | 14.47 | 128.53 | 143.00 | NOTE | |
r-devel-linux-x86_64-debian-gcc | 1.0.0 | 9.39 | 84.66 | 94.05 | NOTE | |
r-devel-linux-x86_64-fedora-clang | 1.0.0 | 231.41 | OK | |||
r-devel-linux-x86_64-fedora-gcc | 1.0.0 | 211.30 | OK | |||
r-devel-macos-arm64 | 1.0.0 | 59.00 | OK | |||
r-devel-macos-x86_64 | 1.0.0 | 106.00 | OK | |||
r-devel-windows-x86_64 | 1.0.0 | 15.00 | 142.00 | 157.00 | NOTE | |
r-patched-linux-x86_64 | 1.0.0 | 23.28 | 118.21 | 141.49 | OK | |
r-release-linux-x86_64 | 1.0.0 | 11.74 | 118.76 | 130.50 | OK | |
r-release-macos-arm64 | 1.0.0 | 55.00 | OK | |||
r-release-macos-x86_64 | 1.0.0 | 84.00 | OK | |||
r-release-windows-x86_64 | 1.0.0 | 15.00 | 146.00 | 161.00 | OK | |
r-oldrel-macos-arm64 | 1.0.0 | 42.00 | OK | |||
r-oldrel-macos-x86_64 | 1.0.0 | 72.00 | OK | |||
r-oldrel-windows-x86_64 | 1.0.0 | 19.00 | 174.00 | 193.00 | OK |
Version: 1.0.0
Check: Rd cross-references
Result: NOTE
Found the following Rd file(s) with Rd \link{} targets missing package
anchors:
survivalForest.Rd: forestplot
Please provide package anchors for all Rd \link{} targets not in the
package itself and the base packages.
Flavors: r-devel-linux-x86_64-debian-clang, r-devel-linux-x86_64-debian-gcc, r-devel-windows-x86_64
These binaries (installable software) and packages are in development.
They may not be fully stable and should be used with caution. We make no claims about them.