Last updated on 2025-11-11 15:50:47 CET.
| Flavor | Version | Tinstall | Tcheck | Ttotal | Status | Flags |
|---|---|---|---|---|---|---|
| r-devel-linux-x86_64-debian-clang | 0.6.0 | 2.99 | 185.59 | 188.58 | OK | |
| r-devel-linux-x86_64-debian-gcc | 0.6.0 | 2.31 | 130.25 | 132.56 | OK | |
| r-devel-linux-x86_64-fedora-clang | 0.6.0 | 277.34 | OK | |||
| r-devel-linux-x86_64-fedora-gcc | 0.6.0 | 28.00 | 341.81 | 369.81 | OK | |
| r-devel-windows-x86_64 | 0.6.0 | 8.00 | 222.00 | 230.00 | OK | |
| r-patched-linux-x86_64 | 0.6.0 | 4.39 | 169.78 | 174.17 | OK | |
| r-release-linux-x86_64 | 0.6.0 | 2.67 | 169.95 | 172.62 | OK | |
| r-release-macos-arm64 | 0.6.0 | 1.00 | 175.00 | 176.00 | OK | |
| r-release-macos-x86_64 | 0.6.0 | 3.00 | 291.00 | 294.00 | OK | |
| r-release-windows-x86_64 | 0.6.0 | 8.00 | 219.00 | 227.00 | OK | |
| r-oldrel-macos-arm64 | 0.6.0 | 2.00 | 172.00 | 174.00 | NOTE | |
| r-oldrel-macos-x86_64 | 0.6.0 | 3.00 | 334.00 | 337.00 | NOTE | |
| r-oldrel-windows-x86_64 | 0.6.0 | 9.00 | 285.00 | 294.00 | NOTE |
Version: 0.6.0
Check: installed package size
Result: NOTE
installed size is 7.9Mb
sub-directories of 1Mb or more:
doc 6.9Mb
Flavors: r-oldrel-macos-arm64, r-oldrel-macos-x86_64, r-oldrel-windows-x86_64
These binaries (installable software) and packages are in development.
They may not be fully stable and should be used with caution. We make no claims about them.