Last updated on 2025-05-01 12:49:41 CEST.
Flavor | Version | Tinstall | Tcheck | Ttotal | Status | Flags |
---|---|---|---|---|---|---|
r-devel-linux-x86_64-debian-clang | 0.1 | 3.92 | 36.06 | 39.98 | NOTE | |
r-devel-linux-x86_64-debian-gcc | 0.1 | 2.70 | 27.68 | 30.38 | NOTE | |
r-devel-linux-x86_64-fedora-clang | 0.1 | 61.82 | OK | |||
r-devel-linux-x86_64-fedora-gcc | 0.1 | 63.51 | OK | |||
r-devel-windows-x86_64 | 0.1 | 7.00 | 76.00 | 83.00 | OK | |
r-patched-linux-x86_64 | 0.1 | 3.98 | 35.43 | 39.41 | OK | |
r-release-linux-x86_64 | OK | |||||
r-release-macos-arm64 | 0.1 | 30.00 | OK | |||
r-release-macos-x86_64 | 0.1 | 47.00 | OK | |||
r-release-windows-x86_64 | 0.1 | 7.00 | 72.00 | 79.00 | OK | |
r-oldrel-macos-arm64 | 0.1 | 26.00 | OK | |||
r-oldrel-macos-x86_64 | 0.1 | 36.00 | OK | |||
r-oldrel-windows-x86_64 | 0.1 | 9.00 | 70.00 | 79.00 | OK |
Version: 0.1
Check: CRAN incoming feasibility
Result: NOTE
Maintainer: ‘Qian Zhu <zqian@jimmy.harvard.edu>’
No Authors@R field in DESCRIPTION.
Please add one, modifying
Authors@R: c(person(given = "Qian",
family = "Zhu",
role = c("aut", "cre"),
email = "zqian@jimmy.harvard.edu"),
person(given = "Guo-Cheng",
family = "Yuan",
role = "aut"))
as necessary.
Flavors: r-devel-linux-x86_64-debian-clang, r-devel-linux-x86_64-debian-gcc
These binaries (installable software) and packages are in development.
They may not be fully stable and should be used with caution. We make no claims about them.