Last updated on 2025-10-23 09:51:00 CEST.
Flavor | Version | Tinstall | Tcheck | Ttotal | Status | Flags |
---|---|---|---|---|---|---|
r-devel-linux-x86_64-debian-clang | 0.2.1 | 110.27 | 238.27 | 348.54 | OK | |
r-devel-linux-x86_64-debian-gcc | 0.2.1 | 73.60 | 151.93 | 225.53 | OK | |
r-devel-linux-x86_64-fedora-clang | 0.2.1 | 589.00 | 30.36 | 619.36 | OK | |
r-devel-linux-x86_64-fedora-gcc | 0.2.1 | 238.00 | 309.64 | 547.64 | OK | |
r-devel-windows-x86_64 | 0.2.1 | 122.00 | 223.00 | 345.00 | OK | |
r-patched-linux-x86_64 | 0.2.1 | 117.11 | 220.21 | 337.32 | OK | |
r-release-linux-x86_64 | 0.2.1 | 108.28 | 222.38 | 330.66 | OK | |
r-release-macos-arm64 | 0.2.1 | 47.00 | 82.00 | 129.00 | OK | |
r-release-macos-x86_64 | 0.2.1 | 73.00 | 176.00 | 249.00 | OK | |
r-release-windows-x86_64 | 0.2.1 | 126.00 | 225.00 | 351.00 | OK | |
r-oldrel-macos-arm64 | 0.2.1 | 47.00 | 82.00 | 129.00 | NOTE | |
r-oldrel-macos-x86_64 | 0.2.1 | 65.00 | 157.00 | 222.00 | NOTE | |
r-oldrel-windows-x86_64 | 0.2.1 | 155.00 | 291.00 | 446.00 | OK |
Version: 0.2.1
Check: installed package size
Result: NOTE
installed size is 5.1Mb
sub-directories of 1Mb or more:
R 2.0Mb
libs 2.4Mb
Flavors: r-oldrel-macos-arm64, r-oldrel-macos-x86_64
These binaries (installable software) and packages are in development.
They may not be fully stable and should be used with caution. We make no claims about them.