Last updated on 2025-05-21 21:49:31 CEST.
Flavor | Version | Tinstall | Tcheck | Ttotal | Status | Flags |
---|---|---|---|---|---|---|
r-devel-linux-x86_64-debian-clang | 0.2.1 | 112.33 | 235.76 | 348.09 | OK | |
r-devel-linux-x86_64-debian-gcc | 0.2.1 | 74.20 | 144.50 | 218.70 | OK | |
r-devel-linux-x86_64-fedora-clang | 0.2.1 | 591.65 | OK | |||
r-devel-linux-x86_64-fedora-gcc | 0.2.1 | 568.81 | OK | |||
r-devel-windows-x86_64 | 0.2.1 | 127.00 | 246.00 | 373.00 | OK | |
r-patched-linux-x86_64 | 0.2.1 | 116.03 | 221.18 | 337.21 | OK | |
r-release-linux-x86_64 | 0.2.1 | 115.71 | 223.70 | 339.41 | OK | |
r-release-macos-arm64 | 0.2.1 | 129.00 | OK | |||
r-release-macos-x86_64 | 0.2.1 | 249.00 | OK | |||
r-release-windows-x86_64 | 0.2.1 | 128.00 | 246.00 | 374.00 | OK | |
r-oldrel-macos-arm64 | 0.2.1 | 129.00 | NOTE | |||
r-oldrel-macos-x86_64 | 0.2.1 | 222.00 | NOTE | |||
r-oldrel-windows-x86_64 | 0.2.1 | 155.00 | 292.00 | 447.00 | OK |
Version: 0.2.1
Check: installed package size
Result: NOTE
installed size is 5.1Mb
sub-directories of 1Mb or more:
R 2.0Mb
libs 2.4Mb
Flavors: r-oldrel-macos-arm64, r-oldrel-macos-x86_64
These binaries (installable software) and packages are in development.
They may not be fully stable and should be used with caution. We make no claims about them.