Last updated on 2025-07-05 01:49:35 CEST.
Flavor | Version | Tinstall | Tcheck | Ttotal | Status | Flags |
---|---|---|---|---|---|---|
r-devel-linux-x86_64-debian-clang | 0.2.1 | 115.74 | 235.78 | 351.52 | OK | |
r-devel-linux-x86_64-debian-gcc | 0.2.1 | 75.57 | 154.01 | 229.58 | OK | |
r-devel-linux-x86_64-fedora-clang | 0.2.1 | 572.81 | OK | |||
r-devel-linux-x86_64-fedora-gcc | 0.2.1 | 550.06 | OK | |||
r-devel-windows-x86_64 | 0.2.1 | 124.00 | 215.00 | 339.00 | OK | |
r-patched-linux-x86_64 | 0.2.1 | 117.95 | 223.97 | 341.92 | OK | |
r-release-linux-x86_64 | 0.2.1 | 116.23 | 220.41 | 336.64 | OK | |
r-release-macos-arm64 | 0.2.1 | 129.00 | OK | |||
r-release-macos-x86_64 | 0.2.1 | 249.00 | OK | |||
r-release-windows-x86_64 | 0.2.1 | 126.00 | 222.00 | 348.00 | OK | |
r-oldrel-macos-arm64 | 0.2.1 | 129.00 | NOTE | |||
r-oldrel-macos-x86_64 | 0.2.1 | 222.00 | NOTE | |||
r-oldrel-windows-x86_64 | 0.2.1 | 166.00 | 285.00 | 451.00 | OK |
Version: 0.2.1
Check: installed package size
Result: NOTE
installed size is 5.1Mb
sub-directories of 1Mb or more:
R 2.0Mb
libs 2.4Mb
Flavors: r-oldrel-macos-arm64, r-oldrel-macos-x86_64
These binaries (installable software) and packages are in development.
They may not be fully stable and should be used with caution. We make no claims about them.