Last updated on 2025-10-23 17:51:04 CEST.
Flavor | Version | Tinstall | Tcheck | Ttotal | Status | Flags |
---|---|---|---|---|---|---|
r-devel-linux-x86_64-debian-clang | 0.8.0 | 150.49 | 359.36 | 509.85 | OK | |
r-devel-linux-x86_64-debian-gcc | 0.8.0 | 100.69 | 219.02 | 319.71 | OK | |
r-devel-linux-x86_64-fedora-clang | 0.8.0 | 660.00 | 231.51 | 891.51 | OK | |
r-devel-linux-x86_64-fedora-gcc | 0.8.0 | 337.00 | 459.32 | 796.32 | OK | |
r-devel-windows-x86_64 | 0.8.0 | 163.00 | 340.00 | 503.00 | OK | |
r-patched-linux-x86_64 | 0.8.0 | 158.98 | 342.61 | 501.59 | OK | |
r-release-linux-x86_64 | 0.8.0 | 150.30 | 330.54 | 480.84 | OK | |
r-release-macos-arm64 | 0.8.0 | 68.00 | 114.00 | 182.00 | OK | |
r-release-macos-x86_64 | 0.8.0 | 100.00 | 268.00 | 368.00 | OK | |
r-release-windows-x86_64 | 0.8.0 | 168.00 | 347.00 | 515.00 | OK | |
r-oldrel-macos-arm64 | 0.8.0 | 57.00 | 117.00 | 174.00 | NOTE | |
r-oldrel-macos-x86_64 | 0.8.0 | 90.00 | 230.00 | 320.00 | NOTE | |
r-oldrel-windows-x86_64 | 0.8.0 | 214.00 | 437.00 | 651.00 | OK |
Version: 0.8.0
Check: installed package size
Result: NOTE
installed size is 6.6Mb
sub-directories of 1Mb or more:
R 2.0Mb
libs 3.2Mb
Flavors: r-oldrel-macos-arm64, r-oldrel-macos-x86_64
These binaries (installable software) and packages are in development.
They may not be fully stable and should be used with caution. We make no claims about them.