CRAN Package Check Results for Package spOccupancy

Last updated on 2025-05-01 08:52:47 CEST.

Flavor Version Tinstall Tcheck Ttotal Status Flags
r-devel-linux-x86_64-debian-clang 0.8.0 150.47 353.45 503.92 NOTE
r-devel-linux-x86_64-debian-gcc 0.8.0 103.71 215.69 319.40 OK
r-devel-linux-x86_64-fedora-clang 0.8.0 857.48 OK
r-devel-linux-x86_64-fedora-gcc 0.8.0 798.03 OK
r-devel-windows-x86_64 0.8.0 163.00 340.00 503.00 OK
r-patched-linux-x86_64 0.8.0 156.42 323.56 479.98 OK
r-release-linux-x86_64 OK
r-release-macos-arm64 0.8.0 182.00 OK
r-release-macos-x86_64 0.8.0 368.00 OK
r-release-windows-x86_64 0.8.0 170.00 339.00 509.00 OK
r-oldrel-macos-arm64 0.8.0 174.00 NOTE
r-oldrel-macos-x86_64 0.8.0 320.00 NOTE
r-oldrel-windows-x86_64 0.8.0 187.00 444.00 631.00 OK

Check Details

Version: 0.8.0
Check: examples
Result: NOTE Examples with CPU (user + system) or elapsed time > 5s user system elapsed predict.lfMsPGOcc 3.62 0.02 5.056 Flavor: r-devel-linux-x86_64-debian-clang

Version: 0.8.0
Check: installed package size
Result: NOTE installed size is 6.6Mb sub-directories of 1Mb or more: R 2.0Mb libs 3.2Mb Flavors: r-oldrel-macos-arm64, r-oldrel-macos-x86_64

These binaries (installable software) and packages are in development.
They may not be fully stable and should be used with caution. We make no claims about them.