Last updated on 2025-05-07 15:49:31 CEST.
Flavor | Version | Tinstall | Tcheck | Ttotal | Status | Flags |
---|---|---|---|---|---|---|
r-devel-linux-x86_64-debian-clang | 1.0 | 69.84 | 303.43 | 373.27 | NOTE | |
r-devel-linux-x86_64-debian-gcc | 1.0 | 46.56 | 208.33 | 254.89 | NOTE | |
r-devel-linux-x86_64-fedora-clang | 1.0 | 578.10 | OK | |||
r-devel-linux-x86_64-fedora-gcc | 1.0 | 580.40 | OK | |||
r-devel-windows-x86_64 | 1.0 | 80.00 | 381.00 | 461.00 | OK | |
r-patched-linux-x86_64 | 1.0 | 69.42 | 313.20 | 382.62 | OK | |
r-release-linux-x86_64 | 1.0 | 61.24 | 312.82 | 374.06 | OK | |
r-release-macos-arm64 | 1.0 | 187.00 | OK | |||
r-release-macos-x86_64 | 1.0 | 393.00 | OK | |||
r-release-windows-x86_64 | 1.0 | 80.00 | 386.00 | 466.00 | OK | |
r-oldrel-macos-arm64 | 1.0 | 192.00 | OK | |||
r-oldrel-macos-x86_64 | 1.0 | 306.00 | NOTE | |||
r-oldrel-windows-x86_64 | 1.0 | 92.00 | 549.00 | 641.00 | OK |
Version: 1.0
Check: CRAN incoming feasibility
Result: NOTE
Maintainer: ‘Alex Gibberd <a.gibberd@lancaster.ac.uk>’
The Description field contains
<arXiv:2303.11892>. Options to use classic multivariate Kalman filter
Please refer to arXiv e-prints via their arXiv DOI <doi:10.48550/arXiv.YYMM.NNNNN>.
Flavors: r-devel-linux-x86_64-debian-clang, r-devel-linux-x86_64-debian-gcc
Version: 1.0
Check: installed package size
Result: NOTE
installed size is 5.1Mb
sub-directories of 1Mb or more:
libs 4.2Mb
Flavor: r-oldrel-macos-x86_64
These binaries (installable software) and packages are in development.
They may not be fully stable and should be used with caution. We make no claims about them.