CRAN Package Check Results for Package sparseDFM

Last updated on 2025-10-23 23:49:46 CEST.

Flavor Version Tinstall Tcheck Ttotal Status Flags
r-devel-linux-x86_64-debian-clang 1.0 72.91 317.64 390.55 NOTE
r-devel-linux-x86_64-debian-gcc 1.0 42.36 216.24 258.60 NOTE
r-devel-linux-x86_64-fedora-clang 1.0 294.00 344.46 638.46 OK
r-devel-linux-x86_64-fedora-gcc 1.0 126.00 463.95 589.95 OK
r-devel-windows-x86_64 1.0 79.00 370.00 449.00 OK
r-patched-linux-x86_64 1.0 68.71 323.95 392.66 OK
r-release-linux-x86_64 1.0 67.81 326.51 394.32 OK
r-release-macos-arm64 1.0 22.00 165.00 187.00 OK
r-release-macos-x86_64 1.0 28.00 365.00 393.00 OK
r-release-windows-x86_64 1.0 80.00 390.00 470.00 OK
r-oldrel-macos-arm64 1.0 26.00 166.00 192.00 OK
r-oldrel-macos-x86_64 1.0 32.00 274.00 306.00 NOTE
r-oldrel-windows-x86_64 1.0 97.00 565.00 662.00 OK

Check Details

Version: 1.0
Check: CRAN incoming feasibility
Result: NOTE Maintainer: ‘Alex Gibberd <a.gibberd@lancaster.ac.uk>’ The Description field contains <arXiv:2303.11892>. Options to use classic multivariate Kalman filter Please refer to arXiv e-prints via their arXiv DOI <doi:10.48550/arXiv.YYMM.NNNNN>. Flavors: r-devel-linux-x86_64-debian-clang, r-devel-linux-x86_64-debian-gcc

Version: 1.0
Check: HTML version of manual
Result: NOTE Found the following HTML validation problems: inflation.html:57:1 (inflation.Rd:18): Warning: <h4> anchor "+E2+80+98inflation+E2+80+99" already defined Flavor: r-devel-linux-x86_64-debian-clang

Version: 1.0
Check: Rd files
Result: NOTE checkRd: (-1) sparseDFM.Rd:31-36: Only 4 columns allowed in this table (row 1 has 3) checkRd: (-1) sparseDFM.Rd:31-36: Only 4 columns allowed in this table (row 2 has 1) checkRd: (-1) sparseDFM.Rd:31-36: Only 4 columns allowed in this table (row 3 has 3) checkRd: (-1) sparseDFM.Rd:31-36: Only 4 columns allowed in this table (row 4 has 1) checkRd: (-1) sparseDFM.Rd:31-36: Only 4 columns allowed in this table (row 5 has 3) checkRd: (-1) sparseDFM.Rd:31-36: Only 4 columns allowed in this table (row 6 has 1) checkRd: (-1) sparseDFM.Rd:31-36: Only 4 columns allowed in this table (row 7 has 3) checkRd: (-1) sparseDFM.Rd:31-36: Only 4 columns allowed in this table (row 8 has 1) checkRd: (-1) sparseDFM.Rd:39-42: Only 4 columns allowed in this table (row 1 has 3) checkRd: (-1) sparseDFM.Rd:39-42: Only 4 columns allowed in this table (row 2 has 1) checkRd: (-1) sparseDFM.Rd:39-42: Only 4 columns allowed in this table (row 3 has 3) checkRd: (-1) sparseDFM.Rd:39-42: Only 4 columns allowed in this table (row 4 has 1) checkRd: (-1) sparseDFM.Rd:45-48: Only 4 columns allowed in this table (row 1 has 3) checkRd: (-1) sparseDFM.Rd:45-48: Only 4 columns allowed in this table (row 2 has 1) checkRd: (-1) sparseDFM.Rd:45-48: Only 4 columns allowed in this table (row 3 has 3) checkRd: (-1) sparseDFM.Rd:45-48: Only 4 columns allowed in this table (row 4 has 1) checkRd: (-1) sparseDFM.Rd:61-73: Only 4 columns allowed in this table (row 1 has 3) checkRd: (-1) sparseDFM.Rd:61-73: Only 4 columns allowed in this table (row 2 has 1) checkRd: (-1) sparseDFM.Rd:61-73: Only 4 columns allowed in this table (row 3 has 3) checkRd: (-1) sparseDFM.Rd:61-73: Only 4 columns allowed in this table (row 4 has 1) checkRd: (-1) sparseDFM.Rd:61-73: Only 4 columns allowed in this table (row 5 has 3) checkRd: (-1) sparseDFM.Rd:61-73: Only 4 columns allowed in this table (row 6 has 1) checkRd: (-1) sparseDFM.Rd:61-73: Only 4 columns allowed in this table (row 7 has 3) checkRd: (-1) sparseDFM.Rd:61-73: Only 4 columns allowed in this table (row 8 has 1) checkRd: (-1) sparseDFM.Rd:61-73: Only 4 columns allowed in this table (row 9 has 3) checkRd: (-1) sparseDFM.Rd:61-73: Only 4 columns allowed in this table (row 10 has 1) checkRd: (-1) sparseDFM.Rd:61-73: Only 4 columns allowed in this table (row 11 has 3) checkRd: (-1) sparseDFM.Rd:61-73: Only 4 columns allowed in this table (row 12 has 1) checkRd: (-1) sparseDFM.Rd:61-73: Only 4 columns allowed in this table (row 13 has 3) checkRd: (-1) sparseDFM.Rd:61-73: Only 4 columns allowed in this table (row 14 has 1) checkRd: (-1) sparseDFM.Rd:61-73: Only 4 columns allowed in this table (row 15 has 3) checkRd: (-1) sparseDFM.Rd:61-73: Only 4 columns allowed in this table (row 16 has 1) checkRd: (-1) sparseDFM.Rd:61-73: Only 4 columns allowed in this table (row 17 has 3) checkRd: (-1) sparseDFM.Rd:61-73: Only 4 columns allowed in this table (row 18 has 1) checkRd: (-1) sparseDFM.Rd:61-73: Only 4 columns allowed in this table (row 19 has 3) checkRd: (-1) sparseDFM.Rd:61-73: Only 4 columns allowed in this table (row 20 has 1) checkRd: (-1) sparseDFM.Rd:61-73: Only 4 columns allowed in this table (row 21 has 3) checkRd: (-1) sparseDFM.Rd:61-73: Only 4 columns allowed in this table (row 22 has 1) checkRd: (-1) sparseDFM.Rd:76-82: Only 4 columns allowed in this table (row 1 has 3) checkRd: (-1) sparseDFM.Rd:76-82: Only 4 columns allowed in this table (row 2 has 1) checkRd: (-1) sparseDFM.Rd:76-82: Only 4 columns allowed in this table (row 3 has 3) checkRd: (-1) sparseDFM.Rd:76-82: Only 4 columns allowed in this table (row 4 has 1) checkRd: (-1) sparseDFM.Rd:76-82: Only 4 columns allowed in this table (row 5 has 3) checkRd: (-1) sparseDFM.Rd:76-82: Only 4 columns allowed in this table (row 6 has 1) checkRd: (-1) sparseDFM.Rd:76-82: Only 4 columns allowed in this table (row 7 has 3) checkRd: (-1) sparseDFM.Rd:76-82: Only 4 columns allowed in this table (row 8 has 1) checkRd: (-1) sparseDFM.Rd:76-82: Only 4 columns allowed in this table (row 9 has 3) checkRd: (-1) sparseDFM.Rd:76-82: Only 4 columns allowed in this table (row 10 has 1) checkRd: (-1) sparseDFM.Rd:85-90: Only 4 columns allowed in this table (row 1 has 3) checkRd: (-1) sparseDFM.Rd:85-90: Only 4 columns allowed in this table (row 2 has 1) checkRd: (-1) sparseDFM.Rd:85-90: Only 4 columns allowed in this table (row 3 has 3) checkRd: (-1) sparseDFM.Rd:85-90: Only 4 columns allowed in this table (row 4 has 1) checkRd: (-1) sparseDFM.Rd:85-90: Only 4 columns allowed in this table (row 5 has 3) checkRd: (-1) sparseDFM.Rd:85-90: Only 4 columns allowed in this table (row 6 has 1) checkRd: (-1) sparseDFM.Rd:85-90: Only 4 columns allowed in this table (row 7 has 3) checkRd: (-1) sparseDFM.Rd:85-90: Only 4 columns allowed in this table (row 8 has 1) checkRd: (-1) sparseDFM.Rd:93-103: Only 4 columns allowed in this table (row 1 has 3) checkRd: (-1) sparseDFM.Rd:93-103: Only 4 columns allowed in this table (row 2 has 1) checkRd: (-1) sparseDFM.Rd:93-103: Only 4 columns allowed in this table (row 3 has 3) checkRd: (-1) sparseDFM.Rd:93-103: Only 4 columns allowed in this table (row 4 has 1) checkRd: (-1) sparseDFM.Rd:93-103: Only 4 columns allowed in this table (row 5 has 3) checkRd: (-1) sparseDFM.Rd:93-103: Only 4 columns allowed in this table (row 6 has 1) checkRd: (-1) sparseDFM.Rd:93-103: Only 4 columns allowed in this table (row 7 has 3) checkRd: (-1) sparseDFM.Rd:93-103: Only 4 columns allowed in this table (row 8 has 1) checkRd: (-1) sparseDFM.Rd:93-103: Only 4 columns allowed in this table (row 9 has 3) checkRd: (-1) sparseDFM.Rd:93-103: Only 4 columns allowed in this table (row 10 has 1) checkRd: (-1) sparseDFM.Rd:93-103: Only 4 columns allowed in this table (row 11 has 3) checkRd: (-1) sparseDFM.Rd:93-103: Only 4 columns allowed in this table (row 12 has 1) checkRd: (-1) sparseDFM.Rd:93-103: Only 4 columns allowed in this table (row 13 has 3) checkRd: (-1) sparseDFM.Rd:93-103: Only 4 columns allowed in this table (row 14 has 1) checkRd: (-1) sparseDFM.Rd:93-103: Only 4 columns allowed in this table (row 15 has 3) checkRd: (-1) sparseDFM.Rd:93-103: Only 4 columns allowed in this table (row 16 has 1) checkRd: (-1) sparseDFM.Rd:93-103: Only 4 columns allowed in this table (row 17 has 3) checkRd: (-1) sparseDFM.Rd:93-103: Only 4 columns allowed in this table (row 18 has 1) checkRd: (-1) transformData.Rd:13-21: Only 4 columns allowed in this table (row 1 has 3) checkRd: (-1) transformData.Rd:13-21: Only 4 columns allowed in this table (row 2 has 1) checkRd: (-1) transformData.Rd:13-21: Only 4 columns allowed in this table (row 3 has 3) checkRd: (-1) transformData.Rd:13-21: Only 4 columns allowed in this table (row 4 has 1) checkRd: (-1) transformData.Rd:13-21: Only 4 columns allowed in this table (row 5 has 3) checkRd: (-1) transformData.Rd:13-21: Only 4 columns allowed in this table (row 6 has 1) checkRd: (-1) transformData.Rd:13-21: Only 4 columns allowed in this table (row 7 has 3) checkRd: (-1) transformData.Rd:13-21: Only 4 columns allowed in this table (row 8 has 1) checkRd: (-1) transformData.Rd:13-21: Only 4 columns allowed in this table (row 9 has 3) checkRd: (-1) transformData.Rd:13-21: Only 4 columns allowed in this table (row 10 has 1) checkRd: (-1) transformData.Rd:13-21: Only 4 columns allowed in this table (row 11 has 3) checkRd: (-1) transformData.Rd:13-21: Only 4 columns allowed in this table (row 12 has 1) checkRd: (-1) transformData.Rd:13-21: Only 4 columns allowed in this table (row 13 has 3) checkRd: (-1) transformData.Rd:13-21: Only 4 columns allowed in this table (row 14 has 1) Flavor: r-devel-linux-x86_64-debian-gcc

Version: 1.0
Check: installed package size
Result: NOTE installed size is 5.1Mb sub-directories of 1Mb or more: libs 4.2Mb Flavor: r-oldrel-macos-x86_64

These binaries (installable software) and packages are in development.
They may not be fully stable and should be used with caution. We make no claims about them.