Last updated on 2025-02-02 22:50:07 CET.
Flavor | Version | Tinstall | Tcheck | Ttotal | Status | Flags |
---|---|---|---|---|---|---|
r-devel-linux-x86_64-debian-clang | 1.0 | 65.89 | 300.92 | 366.81 | OK | |
r-devel-linux-x86_64-debian-gcc | 1.0 | 49.12 | 201.80 | 250.92 | OK | |
r-devel-linux-x86_64-fedora-clang | 1.0 | 579.94 | OK | |||
r-devel-linux-x86_64-fedora-gcc | 1.0 | 636.27 | OK | |||
r-devel-windows-x86_64 | 1.0 | 72.00 | 407.00 | 479.00 | OK | |
r-patched-linux-x86_64 | 1.0 | 66.20 | 306.18 | 372.38 | OK | |
r-release-linux-x86_64 | 1.0 | 66.78 | 305.48 | 372.26 | OK | |
r-release-macos-arm64 | 1.0 | 192.00 | OK | |||
r-release-macos-x86_64 | 1.0 | 306.00 | NOTE | |||
r-release-windows-x86_64 | 1.0 | 72.00 | 399.00 | 471.00 | OK | |
r-oldrel-macos-arm64 | 1.0 | 217.00 | NOTE | |||
r-oldrel-macos-x86_64 | 1.0 | 391.00 | NOTE | |||
r-oldrel-windows-x86_64 | 1.0 | 88.00 | 484.00 | 572.00 | OK |
Version: 1.0
Check: installed package size
Result: NOTE
installed size is 5.1Mb
sub-directories of 1Mb or more:
libs 4.2Mb
Flavors: r-release-macos-x86_64, r-oldrel-macos-arm64, r-oldrel-macos-x86_64
These binaries (installable software) and packages are in development.
They may not be fully stable and should be used with caution. We make no claims about them.