CRAN Package Check Results for Package sparsediscrim

Last updated on 2025-05-08 04:52:19 CEST.

Flavor Version Tinstall Tcheck Ttotal Status Flags
r-devel-linux-x86_64-debian-clang 0.3.0 8.35 72.33 80.68 NOTE
r-devel-linux-x86_64-debian-gcc 0.3.0 5.63 51.18 56.81 NOTE
r-devel-linux-x86_64-fedora-clang 0.3.0 115.45 OK
r-devel-linux-x86_64-fedora-gcc 0.3.0 117.48 OK
r-devel-windows-x86_64 0.3.0 9.00 87.00 96.00 OK
r-patched-linux-x86_64 0.3.0 7.85 68.07 75.92 OK
r-release-linux-x86_64 0.3.0 7.19 67.09 74.28 OK
r-release-macos-arm64 0.3.0 32.00 OK
r-release-macos-x86_64 0.3.0 68.00 OK
r-release-windows-x86_64 0.3.0 10.00 91.00 101.00 OK
r-oldrel-macos-arm64 0.3.0 32.00 OK
r-oldrel-macos-x86_64 0.3.0 66.00 OK
r-oldrel-windows-x86_64 0.3.0 13.00 105.00 118.00 OK

Check Details

Version: 0.3.0
Check: CRAN incoming feasibility
Result: NOTE Maintainer: ‘Max Kuhn <mxkuhn@gmail.com>’ The Description field contains classifier from Ramey et al. (2017) <arXiv:1602.01182>. Other Please refer to arXiv e-prints via their arXiv DOI <doi:10.48550/arXiv.YYMM.NNNNN>. Flavors: r-devel-linux-x86_64-debian-clang, r-devel-linux-x86_64-debian-gcc

These binaries (installable software) and packages are in development.
They may not be fully stable and should be used with caution. We make no claims about them.