Last updated on 2025-02-16 08:51:01 CET.
Flavor | Version | Tinstall | Tcheck | Ttotal | Status | Flags |
---|---|---|---|---|---|---|
r-devel-linux-x86_64-debian-clang | 0.2.2 | 103.09 | 60.22 | 163.31 | OK | |
r-devel-linux-x86_64-debian-gcc | 0.2.2 | 69.60 | 41.90 | 111.50 | OK | |
r-devel-linux-x86_64-fedora-clang | 0.2.2 | 295.38 | OK | |||
r-devel-linux-x86_64-fedora-gcc | 0.2.2 | 294.79 | OK | |||
r-devel-macos-arm64 | 0.2.2 | 52.00 | OK | |||
r-devel-macos-x86_64 | 0.2.2 | 129.00 | OK | |||
r-devel-windows-x86_64 | 0.2.2 | 97.00 | 95.00 | 192.00 | OK | |
r-patched-linux-x86_64 | 0.2.2 | 89.98 | 53.47 | 143.45 | OK | |
r-release-linux-x86_64 | 0.2.2 | 96.07 | 53.73 | 149.80 | OK | |
r-release-macos-arm64 | 0.2.2 | 66.00 | NOTE | |||
r-release-macos-x86_64 | 0.2.2 | 101.00 | NOTE | |||
r-release-windows-x86_64 | 0.2.2 | 88.00 | 89.00 | 177.00 | OK | |
r-oldrel-macos-arm64 | 0.2.1 | 78.00 | NOTE | |||
r-oldrel-macos-x86_64 | 0.2.2 | 106.00 | NOTE | |||
r-oldrel-windows-x86_64 | 0.2.2 | 89.00 | 106.00 | 195.00 | OK |
Version: 0.2.2
Check: installed package size
Result: NOTE
installed size is 6.8Mb
sub-directories of 1Mb or more:
libs 6.2Mb
Flavors: r-release-macos-arm64, r-release-macos-x86_64, r-oldrel-macos-x86_64
Version: 0.2.1
Check: installed package size
Result: NOTE
installed size is 6.6Mb
sub-directories of 1Mb or more:
libs 6.0Mb
Flavor: r-oldrel-macos-arm64
These binaries (installable software) and packages are in development.
They may not be fully stable and should be used with caution. We make no claims about them.