CRAN Package Check Results for Package spinBayes

Last updated on 2025-05-08 04:52:20 CEST.

Flavor Version Tinstall Tcheck Ttotal Status Flags
r-devel-linux-x86_64-debian-clang 0.2.2 97.97 59.31 157.28 OK
r-devel-linux-x86_64-debian-gcc 0.2.2 68.26 41.50 109.76 OK
r-devel-linux-x86_64-fedora-clang 0.2.2 292.64 OK
r-devel-linux-x86_64-fedora-gcc 0.2.2 297.32 OK
r-devel-windows-x86_64 0.2.2 107.00 90.00 197.00 OK
r-patched-linux-x86_64 0.2.2 98.33 54.31 152.64 OK
r-release-linux-x86_64 0.2.2 95.13 54.15 149.28 OK
r-release-macos-arm64 0.2.2 69.00 OK
r-release-macos-x86_64 0.2.2 80.00 OK
r-release-windows-x86_64 0.2.2 107.00 92.00 199.00 OK
r-oldrel-macos-arm64 0.2.2 66.00 NOTE
r-oldrel-macos-x86_64 0.2.2 101.00 NOTE
r-oldrel-windows-x86_64 0.2.2 124.00 114.00 238.00 OK

Check Details

Version: 0.2.2
Check: installed package size
Result: NOTE installed size is 6.8Mb sub-directories of 1Mb or more: libs 6.2Mb Flavors: r-oldrel-macos-arm64, r-oldrel-macos-x86_64

These binaries (installable software) and packages are in development.
They may not be fully stable and should be used with caution. We make no claims about them.