Last updated on 2025-05-08 04:52:20 CEST.
Flavor | Version | Tinstall | Tcheck | Ttotal | Status | Flags |
---|---|---|---|---|---|---|
r-devel-linux-x86_64-debian-clang | 0.0-10 | 142.47 | 83.74 | 226.21 | OK | |
r-devel-linux-x86_64-debian-gcc | 0.0-10 | 121.14 | 58.98 | 180.12 | OK | |
r-devel-linux-x86_64-fedora-clang | 0.0-10 | 378.41 | OK | |||
r-devel-linux-x86_64-fedora-gcc | 0.0-10 | 425.78 | OK | |||
r-devel-windows-x86_64 | 0.0-10 | 183.00 | 117.00 | 300.00 | OK | |
r-patched-linux-x86_64 | 0.0-10 | 158.27 | 80.23 | 238.50 | OK | |
r-release-linux-x86_64 | 0.0-10 | 151.41 | 79.76 | 231.17 | OK | |
r-release-macos-arm64 | 0.0-10 | 125.00 | OK | |||
r-release-macos-x86_64 | 0.0-10 | 289.00 | OK | |||
r-release-windows-x86_64 | 0.0-10 | 176.00 | 119.00 | 295.00 | OK | |
r-oldrel-macos-arm64 | 0.0-10 | 68.00 | NOTE | |||
r-oldrel-macos-x86_64 | 0.0-10 | 119.00 | NOTE | |||
r-oldrel-windows-x86_64 | 0.0-10 | 206.00 | 160.00 | 366.00 | OK |
Version: 0.0-10
Check: installed package size
Result: NOTE
installed size is 49.9Mb
sub-directories of 1Mb or more:
libs 49.6Mb
Flavors: r-oldrel-macos-arm64, r-oldrel-macos-x86_64
These binaries (installable software) and packages are in development.
They may not be fully stable and should be used with caution. We make no claims about them.