CRAN Package Check Results for Package statgenIBD

Last updated on 2025-05-21 21:49:32 CEST.

Flavor Version Tinstall Tcheck Ttotal Status Flags
r-devel-linux-x86_64-debian-clang 1.0.8 61.68 96.01 157.69 OK
r-devel-linux-x86_64-debian-gcc 1.0.8 46.51 68.61 115.12 OK
r-devel-linux-x86_64-fedora-clang 1.0.8 304.96 NOTE
r-devel-linux-x86_64-fedora-gcc 1.0.8 304.16 NOTE
r-devel-windows-x86_64 1.0.8 81.00 1007.00 1088.00 OK
r-patched-linux-x86_64 1.0.8 61.64 89.47 151.11 OK
r-release-linux-x86_64 1.0.8 67.03 90.47 157.50 OK
r-release-macos-arm64 1.0.8 79.00 OK
r-release-macos-x86_64 1.0.8 159.00 OK
r-release-windows-x86_64 1.0.8 83.00 846.00 929.00 OK
r-oldrel-macos-arm64 1.0.8 91.00 NOTE
r-oldrel-macos-x86_64 1.0.8 141.00 NOTE
r-oldrel-windows-x86_64 1.0.8 100.00 1123.00 1223.00 OK

Check Details

Version: 1.0.8
Check: dependencies in R code
Result: NOTE Namespace in Imports field not imported from: ‘statgenGWAS’ All declared Imports should be used. Flavors: r-devel-linux-x86_64-fedora-clang, r-devel-linux-x86_64-fedora-gcc

Version: 1.0.8
Check: installed package size
Result: NOTE installed size is 7.5Mb sub-directories of 1Mb or more: extdata 2.4Mb libs 4.2Mb Flavors: r-oldrel-macos-arm64, r-oldrel-macos-x86_64

These binaries (installable software) and packages are in development.
They may not be fully stable and should be used with caution. We make no claims about them.