CRAN Package Check Results for Package strawr

Last updated on 2025-07-21 19:49:57 CEST.

Flavor Version Tinstall Tcheck Ttotal Status Flags
r-devel-linux-x86_64-debian-clang 0.0.92 13.41 23.46 36.87 OK
r-devel-linux-x86_64-debian-gcc 0.0.92 10.45 19.89 30.34 OK
r-devel-linux-x86_64-fedora-clang 0.0.92 60.13 OK
r-devel-linux-x86_64-fedora-gcc 0.0.92 60.35 OK
r-devel-windows-x86_64 0.0.92 25.00 143.00 168.00 OK
r-patched-linux-x86_64 0.0.92 14.98 21.41 36.39 OK
r-release-linux-x86_64 0.0.92 12.75 21.22 33.97 OK
r-release-macos-arm64 0.0.92 25.00 OK
r-release-macos-x86_64 0.0.92 37.00 OK
r-release-windows-x86_64 0.0.92 25.00 139.00 164.00 OK
r-oldrel-macos-arm64 0.0.92 24.00 OK
r-oldrel-macos-x86_64 0.0.92 54.00 OK
r-oldrel-windows-x86_64 0.0.92 23.00 171.00 194.00 NOTE

Check Details

Version: 0.0.92
Check: installed package size
Result: NOTE installed size is 11.3Mb sub-directories of 1Mb or more: libs 10.6Mb Flavor: r-oldrel-windows-x86_64

These binaries (installable software) and packages are in development.
They may not be fully stable and should be used with caution. We make no claims about them.