Last updated on 2025-10-03 13:49:49 CEST.
Flavor | Version | Tinstall | Tcheck | Ttotal | Status | Flags |
---|---|---|---|---|---|---|
r-devel-linux-x86_64-debian-clang | 0.0.92 | 13.42 | 24.70 | 38.12 | OK | |
r-devel-linux-x86_64-debian-gcc | 0.0.92 | 10.51 | 20.74 | 31.25 | OK | |
r-devel-linux-x86_64-fedora-clang | 0.0.92 | 58.70 | OK | |||
r-devel-linux-x86_64-fedora-gcc | 0.0.92 | 58.85 | OK | |||
r-devel-windows-x86_64 | 0.0.92 | 27.00 | 145.00 | 172.00 | OK | |
r-patched-linux-x86_64 | 0.0.92 | 15.21 | 22.19 | 37.40 | OK | |
r-release-linux-x86_64 | 0.0.92 | 15.14 | 22.22 | 37.36 | OK | |
r-release-macos-arm64 | 0.0.92 | 25.00 | OK | |||
r-release-macos-x86_64 | 0.0.92 | 37.00 | OK | |||
r-release-windows-x86_64 | 0.0.92 | 26.00 | 148.00 | 174.00 | OK | |
r-oldrel-macos-arm64 | 0.0.92 | 24.00 | OK | |||
r-oldrel-macos-x86_64 | 0.0.92 | 54.00 | OK | |||
r-oldrel-windows-x86_64 | 0.0.92 | 26.00 | 178.00 | 204.00 | NOTE |
Version: 0.0.92
Check: installed package size
Result: NOTE
installed size is 11.3Mb
sub-directories of 1Mb or more:
libs 10.6Mb
Flavor: r-oldrel-windows-x86_64
These binaries (installable software) and packages are in development.
They may not be fully stable and should be used with caution. We make no claims about them.