CRAN Package Check Results for Package superbiclust

Last updated on 2025-05-22 09:51:56 CEST.

Flavor Version Tinstall Tcheck Ttotal Status Flags
r-devel-linux-x86_64-debian-clang 1.2 15.73 106.31 122.04 NOTE
r-devel-linux-x86_64-debian-gcc 1.2 11.22 72.14 83.36 NOTE
r-devel-linux-x86_64-fedora-clang 1.2 196.93 NOTE
r-devel-linux-x86_64-fedora-gcc 1.2 176.70 NOTE
r-devel-windows-x86_64 1.2 15.00 122.00 137.00 NOTE
r-patched-linux-x86_64 1.2 13.58 99.40 112.98 NOTE
r-release-linux-x86_64 1.2 13.23 98.76 111.99 NOTE
r-release-macos-arm64 1.2 52.00 NOTE
r-release-macos-x86_64 1.2 107.00 NOTE
r-release-windows-x86_64 1.2 16.00 131.00 147.00 NOTE
r-oldrel-macos-arm64 1.2 50.00 NOTE
r-oldrel-macos-x86_64 1.2 87.00 NOTE
r-oldrel-windows-x86_64 1.2 21.00 136.00 157.00 NOTE

Check Details

Version: 1.2
Check: CRAN incoming feasibility
Result: NOTE Maintainer: ‘Tatsiana Khamiakova <t.tavita@gmail.com>’ No Authors@R field in DESCRIPTION. Please add one, modifying Authors@R: person(given = "Tatsiana", family = "Khamiakova", role = c("aut", "cre"), email = "t.tavita@gmail.com") as necessary. Flavors: r-devel-linux-x86_64-debian-clang, r-devel-linux-x86_64-debian-gcc

Version: 1.2
Check: Rd files
Result: NOTE checkRd: (-1) BiclustSet-class.Rd:19: Lost braces 19 | \item{\code{Number}:}{code{"numeric"}, number of biclusters in the set} | ^ Flavors: r-devel-linux-x86_64-debian-clang, r-devel-linux-x86_64-debian-gcc, r-devel-linux-x86_64-fedora-clang, r-devel-linux-x86_64-fedora-gcc, r-devel-windows-x86_64, r-patched-linux-x86_64, r-release-linux-x86_64, r-release-macos-arm64, r-release-macos-x86_64, r-release-windows-x86_64, r-oldrel-macos-arm64, r-oldrel-macos-x86_64, r-oldrel-windows-x86_64

These binaries (installable software) and packages are in development.
They may not be fully stable and should be used with caution. We make no claims about them.